{"id":2219,"date":"2026-02-22T14:32:37","date_gmt":"2026-02-22T13:32:37","guid":{"rendered":"https:\/\/butikasia.pl\/?post_type=product&#038;p=2219"},"modified":"2026-03-05T22:58:22","modified_gmt":"2026-03-05T21:58:22","slug":"sukienka-balowa-tiulowa-positano-40-l-niebieska-gorsetowa-baby-blue","status":"publish","type":"product","link":"https:\/\/butikasia.pl\/?product=sukienka-balowa-tiulowa-positano-40-l-niebieska-gorsetowa-baby-blue","title":{"rendered":"Sukienka balowa tiulowa POSITANO 40\/L niebieska gorsetowa baby blue"},"content":{"rendered":"<blockquote><p>\ud83d\udc99\ud83d\udc8e Sukienka POSITANO PREMIUM \u2013 baby blue \ud83d\udc99\ud83d\udc8e<\/p><\/blockquote>\n<p>Zjawiskowa i niezwykle kobieca sukienka POSITANO PREMIUM w odcieniu baby blue to propozycja, kt\u00f3ra zachwyca lekko\u015bci\u0105 i elegancj\u0105. Na zdj\u0119ciach wida\u0107 dopracowan\u0105 gorsetow\u0105 g\u00f3r\u0119 pi\u0119knie podkre\u015blaj\u0105c\u0105 tali\u0119 i biust oraz subtelne aplikacje kwiat\u00f3w 3D, kt\u00f3re nadaj\u0105 sukni romantycznego charakteru.<\/p>\n<p>Ty\u0142 z efektownym sznurowaniem umo\u017cliwia idealne dopasowanie do sylwetki i podkre\u015bla lini\u0119 plec\u00f3w. Rozkloszowany, tiulowy d\u00f3\u0142 z delikatnym po\u0142yskiem tworzy bajkowy efekt w ruchu. W komplecie znajduj\u0105 si\u0119 odpinane rami\u0105czka, dzi\u0119ki czemu sukienk\u0119 mo\u017cesz stylizowa\u0107 na kilka sposob\u00f3w.<\/p>\n<p>To doskona\u0142a propozycja na wesele, bal czy wyj\u0105tkowe przyj\u0119cie \u2013 dla kobiet, kt\u00f3re chc\u0105 wygl\u0105da\u0107 elegancko i zjawiskowo.<\/p>\n<p>Szczeg\u00f3\u0142y produktu:<\/p>\n<p>\u2022 model: POSITANO PREMIUM<\/p>\n<p>\u2022 rozmiar: 40<\/p>\n<p>\u2022 cena: 699 z\u0142<\/p>\n<blockquote><p>\u2022 kolor: baby blue<\/p><\/blockquote>\n<p>\u2022 g\u00f3ra gorsetowa \u2013 modeluje sylwetk\u0119<\/p>\n<p>\u2022 ty\u0142 sznurowany \u2013 regulacja dopasowania<\/p>\n<p>\u2022 d\u00f3\u0142 tiulowy z delikatn\u0105 po\u015bwiat\u0105<\/p>\n<p>\u2022 zdobienia: kwiaty 3D<\/p>\n<p>\u2022 odpinane rami\u0105czka w komplecie<\/p>\n<p>\u2022 polski producent<\/p>\n<p>Idealna suknia dla mi\u0142o\u015bniczek romantycznych, eleganckich stylizacji i wyj\u0105tkowych okazji.<\/p>\n<p>#sukienkibalowe #sukienkitiulowe #sukienkiniebieskie\u00a0 #sukienkanawesele #sukienkad\u0142uga #sukniabalowa #butikonline #eleganckasukienka #modadamska<\/p>\n","protected":false},"excerpt":{"rendered":"<p>\ud83d\udc99\ud83d\udc8e Sukienka POSITANO PREMIUM \u2013 baby blue \ud83d\udc99\ud83d\udc8e Zjawiskowa i niezwykle kobieca sukienka POSITANO PREMIUM w odcieniu baby blue to propozycja, kt\u00f3ra zachwyca lekko\u015bci\u0105 i&#8230;<\/p>\n","protected":false},"featured_media":2221,"comment_status":"open","ping_status":"closed","template":"","meta":[],"etheme_brands":[],"product_brand":[],"product_cat":[113,118,114,104,107,105,109],"product_tag":[],"class_list":{"0":"post-2219","1":"product","2":"type-product","3":"status-publish","4":"has-post-thumbnail","6":"product_cat-sukienki-rozkloszowane","7":"product_cat-sukienki-weselne","8":"product_cat-sukienki-wieczorowe","9":"product_cat-nowosci","10":"product_cat-polscy-producenci","11":"product_cat-premium","12":"product_cat-sukienki","14":"first","15":"instock","16":"shipping-taxable","17":"purchasable","18":"product-type-simple"},"_links":{"self":[{"href":"https:\/\/butikasia.pl\/index.php?rest_route=\/wp\/v2\/product\/2219","targetHints":{"allow":["GET"]}}],"collection":[{"href":"https:\/\/butikasia.pl\/index.php?rest_route=\/wp\/v2\/product"}],"about":[{"href":"https:\/\/butikasia.pl\/index.php?rest_route=\/wp\/v2\/types\/product"}],"replies":[{"embeddable":true,"href":"https:\/\/butikasia.pl\/index.php?rest_route=%2Fwp%2Fv2%2Fcomments&post=2219"}],"version-history":[{"count":3,"href":"https:\/\/butikasia.pl\/index.php?rest_route=\/wp\/v2\/product\/2219\/revisions"}],"predecessor-version":[{"id":3753,"href":"https:\/\/butikasia.pl\/index.php?rest_route=\/wp\/v2\/product\/2219\/revisions\/3753"}],"wp:featuredmedia":[{"embeddable":true,"href":"https:\/\/butikasia.pl\/index.php?rest_route=\/wp\/v2\/media\/2221"}],"wp:attachment":[{"href":"https:\/\/butikasia.pl\/index.php?rest_route=%2Fwp%2Fv2%2Fmedia&parent=2219"}],"wp:term":[{"taxonomy":"brand","embeddable":true,"href":"https:\/\/butikasia.pl\/index.php?rest_route=%2Fwp%2Fv2%2Fetheme_brands&post=2219"},{"taxonomy":"product_brand","embeddable":true,"href":"https:\/\/butikasia.pl\/index.php?rest_route=%2Fwp%2Fv2%2Fproduct_brand&post=2219"},{"taxonomy":"product_cat","embeddable":true,"href":"https:\/\/butikasia.pl\/index.php?rest_route=%2Fwp%2Fv2%2Fproduct_cat&post=2219"},{"taxonomy":"product_tag","embeddable":true,"href":"https:\/\/butikasia.pl\/index.php?rest_route=%2Fwp%2Fv2%2Fproduct_tag&post=2219"}],"curies":[{"name":"wp","href":"https:\/\/api.w.org\/{rel}","templated":true}]}}