{"id":2229,"date":"2026-02-22T14:40:17","date_gmt":"2026-02-22T13:40:17","guid":{"rendered":"https:\/\/butikasia.pl\/?post_type=product&#038;p=2229"},"modified":"2026-02-22T14:40:17","modified_gmt":"2026-02-22T13:40:17","slug":"torebka-brazowa-wieczorowa-ze-zlotym-lancuszkiem","status":"publish","type":"product","link":"https:\/\/butikasia.pl\/?product=torebka-brazowa-wieczorowa-ze-zlotym-lancuszkiem","title":{"rendered":"Torebka br\u0105zowa wieczorowa ze z\u0142otym \u0142a\u0144cuszkiem"},"content":{"rendered":"<p>Torebka\ud83e\udd0e\ud83e\udd0e\ud83e\udd0e<\/p>\n<p>*cena:129,-<\/p>\n<p>*kolor:br\u0105zowy<\/p>\n<p>*w komplecie posiada \u0142a\u0144cuszek w kolorze z\u0142otym<\/p>\n<p>*polski producent<\/p>\n<p>#torebka #torebkawieczorowa #torebkabr\u0105zowa<\/p>\n","protected":false},"excerpt":{"rendered":"<p>Torebka\ud83e\udd0e\ud83e\udd0e\ud83e\udd0e *cena:129,- *kolor:br\u0105zowy *w komplecie posiada \u0142a\u0144cuszek w kolorze z\u0142otym *polski producent #torebka #torebkawieczorowa #torebkabr\u0105zowa<\/p>\n","protected":false},"featured_media":2233,"comment_status":"open","ping_status":"closed","template":"","meta":[],"etheme_brands":[],"product_brand":[],"product_cat":[104,59],"product_tag":[],"class_list":{"0":"post-2229","1":"product","2":"type-product","3":"status-publish","4":"has-post-thumbnail","6":"product_cat-nowosci","7":"product_cat-torebki-nerki-plecaki","9":"first","10":"instock","11":"shipping-taxable","12":"purchasable","13":"product-type-simple"},"_links":{"self":[{"href":"https:\/\/butikasia.pl\/index.php?rest_route=\/wp\/v2\/product\/2229","targetHints":{"allow":["GET"]}}],"collection":[{"href":"https:\/\/butikasia.pl\/index.php?rest_route=\/wp\/v2\/product"}],"about":[{"href":"https:\/\/butikasia.pl\/index.php?rest_route=\/wp\/v2\/types\/product"}],"replies":[{"embeddable":true,"href":"https:\/\/butikasia.pl\/index.php?rest_route=%2Fwp%2Fv2%2Fcomments&post=2229"}],"version-history":[{"count":1,"href":"https:\/\/butikasia.pl\/index.php?rest_route=\/wp\/v2\/product\/2229\/revisions"}],"predecessor-version":[{"id":2234,"href":"https:\/\/butikasia.pl\/index.php?rest_route=\/wp\/v2\/product\/2229\/revisions\/2234"}],"wp:featuredmedia":[{"embeddable":true,"href":"https:\/\/butikasia.pl\/index.php?rest_route=\/wp\/v2\/media\/2233"}],"wp:attachment":[{"href":"https:\/\/butikasia.pl\/index.php?rest_route=%2Fwp%2Fv2%2Fmedia&parent=2229"}],"wp:term":[{"taxonomy":"brand","embeddable":true,"href":"https:\/\/butikasia.pl\/index.php?rest_route=%2Fwp%2Fv2%2Fetheme_brands&post=2229"},{"taxonomy":"product_brand","embeddable":true,"href":"https:\/\/butikasia.pl\/index.php?rest_route=%2Fwp%2Fv2%2Fproduct_brand&post=2229"},{"taxonomy":"product_cat","embeddable":true,"href":"https:\/\/butikasia.pl\/index.php?rest_route=%2Fwp%2Fv2%2Fproduct_cat&post=2229"},{"taxonomy":"product_tag","embeddable":true,"href":"https:\/\/butikasia.pl\/index.php?rest_route=%2Fwp%2Fv2%2Fproduct_tag&post=2229"}],"curies":[{"name":"wp","href":"https:\/\/api.w.org\/{rel}","templated":true}]}}