{"id":2409,"date":"2026-02-23T14:21:47","date_gmt":"2026-02-23T13:21:47","guid":{"rendered":"https:\/\/butikasia.pl\/?post_type=product&#038;p=2409"},"modified":"2026-02-23T14:21:47","modified_gmt":"2026-02-23T13:21:47","slug":"sukienka-brazowa-40-l-czekoladowa-zlote-dodatki-tessarii","status":"publish","type":"product","link":"https:\/\/butikasia.pl\/?product=sukienka-brazowa-40-l-czekoladowa-zlote-dodatki-tessarii","title":{"rendered":"Sukienka br\u0105zowa 40\/L czekoladowa z\u0142ote dodatki TESSARII"},"content":{"rendered":"<p>\ud83e\udd0e\ud83e\udd0eSukienka TESSARII\ud83e\udd0e\ud83e\udd0e<\/p>\n<p>*r.40<\/p>\n<p>*cena:329,-<\/p>\n<p>*kolor:br\u0105zowy<\/p>\n<p>*posiada z\u0142ote dodatki<\/p>\n<p>*polski producent<\/p>\n<p>*dost\u0119pne r\u00f3wnie\u017c inne kolory w rozmiarach od 34 do 42<\/p>\n<p>#sukienkibr\u0105zowe #sukienki #sukienkiimprezowe<\/p>\n","protected":false},"excerpt":{"rendered":"<p>\ud83e\udd0e\ud83e\udd0eSukienka TESSARII\ud83e\udd0e\ud83e\udd0e *r.40 *cena:329,- *kolor:br\u0105zowy *posiada z\u0142ote dodatki *polski producent *dost\u0119pne r\u00f3wnie\u017c inne kolory w rozmiarach od 34 do 42 #sukienkibr\u0105zowe #sukienki #sukienkiimprezowe<\/p>\n","protected":false},"featured_media":2410,"comment_status":"open","ping_status":"closed","template":"","meta":[],"etheme_brands":[],"product_brand":[],"product_cat":[117,112,118,114,104,107,109],"product_tag":[],"class_list":{"0":"post-2409","1":"product","2":"type-product","3":"status-publish","4":"has-post-thumbnail","6":"product_cat-sukienki-eleganckie","7":"product_cat-sukienki-krotkie","8":"product_cat-sukienki-weselne","9":"product_cat-sukienki-wieczorowe","10":"product_cat-nowosci","11":"product_cat-polscy-producenci","12":"product_cat-sukienki","14":"first","15":"instock","16":"shipping-taxable","17":"purchasable","18":"product-type-simple"},"_links":{"self":[{"href":"https:\/\/butikasia.pl\/index.php?rest_route=\/wp\/v2\/product\/2409","targetHints":{"allow":["GET"]}}],"collection":[{"href":"https:\/\/butikasia.pl\/index.php?rest_route=\/wp\/v2\/product"}],"about":[{"href":"https:\/\/butikasia.pl\/index.php?rest_route=\/wp\/v2\/types\/product"}],"replies":[{"embeddable":true,"href":"https:\/\/butikasia.pl\/index.php?rest_route=%2Fwp%2Fv2%2Fcomments&post=2409"}],"version-history":[{"count":1,"href":"https:\/\/butikasia.pl\/index.php?rest_route=\/wp\/v2\/product\/2409\/revisions"}],"predecessor-version":[{"id":2411,"href":"https:\/\/butikasia.pl\/index.php?rest_route=\/wp\/v2\/product\/2409\/revisions\/2411"}],"wp:featuredmedia":[{"embeddable":true,"href":"https:\/\/butikasia.pl\/index.php?rest_route=\/wp\/v2\/media\/2410"}],"wp:attachment":[{"href":"https:\/\/butikasia.pl\/index.php?rest_route=%2Fwp%2Fv2%2Fmedia&parent=2409"}],"wp:term":[{"taxonomy":"brand","embeddable":true,"href":"https:\/\/butikasia.pl\/index.php?rest_route=%2Fwp%2Fv2%2Fetheme_brands&post=2409"},{"taxonomy":"product_brand","embeddable":true,"href":"https:\/\/butikasia.pl\/index.php?rest_route=%2Fwp%2Fv2%2Fproduct_brand&post=2409"},{"taxonomy":"product_cat","embeddable":true,"href":"https:\/\/butikasia.pl\/index.php?rest_route=%2Fwp%2Fv2%2Fproduct_cat&post=2409"},{"taxonomy":"product_tag","embeddable":true,"href":"https:\/\/butikasia.pl\/index.php?rest_route=%2Fwp%2Fv2%2Fproduct_tag&post=2409"}],"curies":[{"name":"wp","href":"https:\/\/api.w.org\/{rel}","templated":true}]}}