{"id":2574,"date":"2026-02-24T12:33:59","date_gmt":"2026-02-24T11:33:59","guid":{"rendered":"https:\/\/butikasia.pl\/?post_type=product&#038;p=2574"},"modified":"2026-02-24T12:33:59","modified_gmt":"2026-02-24T11:33:59","slug":"sukienka-faustyna-maxi-36-38-butelkowa-zielen-blyszczaca-wieczorowa-dluga","status":"publish","type":"product","link":"https:\/\/butikasia.pl\/?product=sukienka-faustyna-maxi-36-38-butelkowa-zielen-blyszczaca-wieczorowa-dluga","title":{"rendered":"Sukienka FAUSTYNA Maxi 36\/38 butelkowa ziele\u0144 b\u0142yszcz\u0105ca wieczorowa d\u0142uga"},"content":{"rendered":"<p>\ud83c\udf39\ud83d\udda4Sukienka FAUSTYNA Maxi\ud83d\udda4\ud83c\udf39<\/p>\n<p>*r.36-pasuje na 36\/38\u00a0 oraz 38<\/p>\n<p>*cena <strong>wyprzeda\u017cowa:499,-<\/strong><\/p>\n<p>*kolor:butelkowa ziele\u0144<\/p>\n<p>*g\u00f3ra koronkowa,d\u00f3\u0142 elastyczny w brokatowej po\u015bwiacie<\/p>\n<p>*polski producent<\/p>\n<p>#sukienkid\u0142ugie #sukienkiwieczorowe #sukienkimaxi<\/p>\n","protected":false},"excerpt":{"rendered":"<p>\ud83c\udf39\ud83d\udda4Sukienka FAUSTYNA Maxi\ud83d\udda4\ud83c\udf39 *r.36-pasuje na 36\/38\u00a0 oraz 38 *cena wyprzeda\u017cowa:499,- *kolor:butelkowa ziele\u0144 *g\u00f3ra koronkowa,d\u00f3\u0142 elastyczny w brokatowej po\u015bwiacie *polski producent #sukienkid\u0142ugie #sukienkiwieczorowe #sukienkimaxi<\/p>\n","protected":false},"featured_media":2575,"comment_status":"open","ping_status":"closed","template":"","meta":[],"etheme_brands":[],"product_brand":[],"product_cat":[110,116,118,114,104,107,109,106],"product_tag":[],"class_list":{"0":"post-2574","1":"product","2":"type-product","3":"status-publish","4":"has-post-thumbnail","6":"product_cat-sukienki-dlugie","7":"product_cat-sukienki-dopasowane","8":"product_cat-sukienki-weselne","9":"product_cat-sukienki-wieczorowe","10":"product_cat-nowosci","11":"product_cat-polscy-producenci","12":"product_cat-sukienki","13":"product_cat-wyprzedaz","15":"first","16":"instock","17":"sale","18":"shipping-taxable","19":"purchasable","20":"product-type-simple"},"_links":{"self":[{"href":"https:\/\/butikasia.pl\/index.php?rest_route=\/wp\/v2\/product\/2574","targetHints":{"allow":["GET"]}}],"collection":[{"href":"https:\/\/butikasia.pl\/index.php?rest_route=\/wp\/v2\/product"}],"about":[{"href":"https:\/\/butikasia.pl\/index.php?rest_route=\/wp\/v2\/types\/product"}],"replies":[{"embeddable":true,"href":"https:\/\/butikasia.pl\/index.php?rest_route=%2Fwp%2Fv2%2Fcomments&post=2574"}],"version-history":[{"count":1,"href":"https:\/\/butikasia.pl\/index.php?rest_route=\/wp\/v2\/product\/2574\/revisions"}],"predecessor-version":[{"id":2578,"href":"https:\/\/butikasia.pl\/index.php?rest_route=\/wp\/v2\/product\/2574\/revisions\/2578"}],"wp:featuredmedia":[{"embeddable":true,"href":"https:\/\/butikasia.pl\/index.php?rest_route=\/wp\/v2\/media\/2575"}],"wp:attachment":[{"href":"https:\/\/butikasia.pl\/index.php?rest_route=%2Fwp%2Fv2%2Fmedia&parent=2574"}],"wp:term":[{"taxonomy":"brand","embeddable":true,"href":"https:\/\/butikasia.pl\/index.php?rest_route=%2Fwp%2Fv2%2Fetheme_brands&post=2574"},{"taxonomy":"product_brand","embeddable":true,"href":"https:\/\/butikasia.pl\/index.php?rest_route=%2Fwp%2Fv2%2Fproduct_brand&post=2574"},{"taxonomy":"product_cat","embeddable":true,"href":"https:\/\/butikasia.pl\/index.php?rest_route=%2Fwp%2Fv2%2Fproduct_cat&post=2574"},{"taxonomy":"product_tag","embeddable":true,"href":"https:\/\/butikasia.pl\/index.php?rest_route=%2Fwp%2Fv2%2Fproduct_tag&post=2574"}],"curies":[{"name":"wp","href":"https:\/\/api.w.org\/{rel}","templated":true}]}}