{"id":2611,"date":"2026-02-24T13:55:32","date_gmt":"2026-02-24T12:55:32","guid":{"rendered":"https:\/\/butikasia.pl\/?post_type=product&#038;p=2611"},"modified":"2026-02-24T13:55:32","modified_gmt":"2026-02-24T12:55:32","slug":"kombinezon-vera-fuksja-40-l-na-ramiaczkach","status":"publish","type":"product","link":"https:\/\/butikasia.pl\/?product=kombinezon-vera-fuksja-40-l-na-ramiaczkach","title":{"rendered":"Kombinezon VERA Fuksja 40\/L na rami\u0105czkach"},"content":{"rendered":"<p>\ud83c\udf39\ud83c\udf39Kombinezon VERA\ud83c\udf39\ud83c\udf39<\/p>\n<p>*r.40<\/p>\n<p>*cena:239,-<\/p>\n<p>*kolor:fuksja<\/p>\n<p>*z ty\u0142u zapinany na zamek<\/p>\n<p>*posiada rozci\u0119cia na nogi oraz regulowane rami\u0105czka<\/p>\n<p>*polski producent-wysoka jako\u015b\u0107 wykonania<\/p>\n<p>*dost\u0119pne r\u00f3wnie\u017c inne kolory w rozmiarach od 34 do 42<\/p>\n<p>#kombinezon #kombinezondamski #kombinezonfuksja<\/p>\n","protected":false},"excerpt":{"rendered":"<p>\ud83c\udf39\ud83c\udf39Kombinezon VERA\ud83c\udf39\ud83c\udf39 *r.40 *cena:239,- *kolor:fuksja *z ty\u0142u zapinany na zamek *posiada rozci\u0119cia na nogi oraz regulowane rami\u0105czka *polski producent-wysoka jako\u015b\u0107 wykonania *dost\u0119pne r\u00f3wnie\u017c inne kolory&#8230;<\/p>\n","protected":false},"featured_media":2612,"comment_status":"open","ping_status":"closed","template":"","meta":[],"etheme_brands":[],"product_brand":[],"product_cat":[90,158,47,104,107],"product_tag":[],"class_list":{"0":"post-2611","1":"product","2":"type-product","3":"status-publish","4":"has-post-thumbnail","6":"product_cat-kolekcja-wiosenna","7":"product_cat-komunia-2026","8":"product_cat-kombinezony","9":"product_cat-nowosci","10":"product_cat-polscy-producenci","12":"first","13":"instock","14":"shipping-taxable","15":"purchasable","16":"product-type-simple"},"_links":{"self":[{"href":"https:\/\/butikasia.pl\/index.php?rest_route=\/wp\/v2\/product\/2611","targetHints":{"allow":["GET"]}}],"collection":[{"href":"https:\/\/butikasia.pl\/index.php?rest_route=\/wp\/v2\/product"}],"about":[{"href":"https:\/\/butikasia.pl\/index.php?rest_route=\/wp\/v2\/types\/product"}],"replies":[{"embeddable":true,"href":"https:\/\/butikasia.pl\/index.php?rest_route=%2Fwp%2Fv2%2Fcomments&post=2611"}],"version-history":[{"count":1,"href":"https:\/\/butikasia.pl\/index.php?rest_route=\/wp\/v2\/product\/2611\/revisions"}],"predecessor-version":[{"id":2615,"href":"https:\/\/butikasia.pl\/index.php?rest_route=\/wp\/v2\/product\/2611\/revisions\/2615"}],"wp:featuredmedia":[{"embeddable":true,"href":"https:\/\/butikasia.pl\/index.php?rest_route=\/wp\/v2\/media\/2612"}],"wp:attachment":[{"href":"https:\/\/butikasia.pl\/index.php?rest_route=%2Fwp%2Fv2%2Fmedia&parent=2611"}],"wp:term":[{"taxonomy":"brand","embeddable":true,"href":"https:\/\/butikasia.pl\/index.php?rest_route=%2Fwp%2Fv2%2Fetheme_brands&post=2611"},{"taxonomy":"product_brand","embeddable":true,"href":"https:\/\/butikasia.pl\/index.php?rest_route=%2Fwp%2Fv2%2Fproduct_brand&post=2611"},{"taxonomy":"product_cat","embeddable":true,"href":"https:\/\/butikasia.pl\/index.php?rest_route=%2Fwp%2Fv2%2Fproduct_cat&post=2611"},{"taxonomy":"product_tag","embeddable":true,"href":"https:\/\/butikasia.pl\/index.php?rest_route=%2Fwp%2Fv2%2Fproduct_tag&post=2611"}],"curies":[{"name":"wp","href":"https:\/\/api.w.org\/{rel}","templated":true}]}}