{"id":2657,"date":"2026-02-24T17:17:48","date_gmt":"2026-02-24T16:17:48","guid":{"rendered":"https:\/\/butikasia.pl\/?post_type=product&#038;p=2657"},"modified":"2026-02-24T17:17:48","modified_gmt":"2026-02-24T16:17:48","slug":"sukienka-czarna-kwiatki-xantia-36-38-40-42-codzienna","status":"publish","type":"product","link":"https:\/\/butikasia.pl\/?product=sukienka-czarna-kwiatki-xantia-36-38-40-42-codzienna","title":{"rendered":"Sukienka czarna kwiatki XANTIA 36 38 40 42 codzienna"},"content":{"rendered":"<p>\ud83d\udda4Sukienka XANTIA\ud83d\udda4<\/p>\n<p>*r.one size-pasuje na 36,38,40,42<\/p>\n<p>*cena:149,-<\/p>\n<p>*kolor:czarny+kwiatowy print<\/p>\n<p>*w komplecie posiada materia\u0142owy pasek<\/p>\n<p>*extra materia\u0142-nie gniecie si\u0119<\/p>\n<blockquote><p>#butikasia #sukienki #sukienkicodzienne #sukienkikwiatowe<\/p><\/blockquote>\n","protected":false},"excerpt":{"rendered":"<p>\ud83d\udda4Sukienka XANTIA\ud83d\udda4 *r.one size-pasuje na 36,38,40,42 *cena:149,- *kolor:czarny+kwiatowy print *w komplecie posiada materia\u0142owy pasek *extra materia\u0142-nie gniecie si\u0119 #butikasia #sukienki #sukienkicodzienne #sukienkikwiatowe<\/p>\n","protected":false},"featured_media":2658,"comment_status":"open","ping_status":"closed","template":"","meta":[],"etheme_brands":[],"product_brand":[],"product_cat":[115,112,113,104,109],"product_tag":[],"class_list":{"0":"post-2657","1":"product","2":"type-product","3":"status-publish","4":"has-post-thumbnail","6":"product_cat-sukienki-codzienne","7":"product_cat-sukienki-krotkie","8":"product_cat-sukienki-rozkloszowane","9":"product_cat-nowosci","10":"product_cat-sukienki","12":"first","13":"instock","14":"shipping-taxable","15":"purchasable","16":"product-type-simple"},"_links":{"self":[{"href":"https:\/\/butikasia.pl\/index.php?rest_route=\/wp\/v2\/product\/2657","targetHints":{"allow":["GET"]}}],"collection":[{"href":"https:\/\/butikasia.pl\/index.php?rest_route=\/wp\/v2\/product"}],"about":[{"href":"https:\/\/butikasia.pl\/index.php?rest_route=\/wp\/v2\/types\/product"}],"replies":[{"embeddable":true,"href":"https:\/\/butikasia.pl\/index.php?rest_route=%2Fwp%2Fv2%2Fcomments&post=2657"}],"version-history":[{"count":1,"href":"https:\/\/butikasia.pl\/index.php?rest_route=\/wp\/v2\/product\/2657\/revisions"}],"predecessor-version":[{"id":2660,"href":"https:\/\/butikasia.pl\/index.php?rest_route=\/wp\/v2\/product\/2657\/revisions\/2660"}],"wp:featuredmedia":[{"embeddable":true,"href":"https:\/\/butikasia.pl\/index.php?rest_route=\/wp\/v2\/media\/2658"}],"wp:attachment":[{"href":"https:\/\/butikasia.pl\/index.php?rest_route=%2Fwp%2Fv2%2Fmedia&parent=2657"}],"wp:term":[{"taxonomy":"brand","embeddable":true,"href":"https:\/\/butikasia.pl\/index.php?rest_route=%2Fwp%2Fv2%2Fetheme_brands&post=2657"},{"taxonomy":"product_brand","embeddable":true,"href":"https:\/\/butikasia.pl\/index.php?rest_route=%2Fwp%2Fv2%2Fproduct_brand&post=2657"},{"taxonomy":"product_cat","embeddable":true,"href":"https:\/\/butikasia.pl\/index.php?rest_route=%2Fwp%2Fv2%2Fproduct_cat&post=2657"},{"taxonomy":"product_tag","embeddable":true,"href":"https:\/\/butikasia.pl\/index.php?rest_route=%2Fwp%2Fv2%2Fproduct_tag&post=2657"}],"curies":[{"name":"wp","href":"https:\/\/api.w.org\/{rel}","templated":true}]}}