{"id":2661,"date":"2026-02-24T17:23:50","date_gmt":"2026-02-24T16:23:50","guid":{"rendered":"https:\/\/butikasia.pl\/?post_type=product&#038;p=2661"},"modified":"2026-02-24T17:23:51","modified_gmt":"2026-02-24T16:23:51","slug":"sukienka-zaressa-czarna-brokatowa-koronkowa-42-xl-bezowa","status":"publish","type":"product","link":"https:\/\/butikasia.pl\/?product=sukienka-zaressa-czarna-brokatowa-koronkowa-42-xl-bezowa","title":{"rendered":"Sukienka ZARESSA czarna brokatowa koronkowa 42\/XL be\u017cowa"},"content":{"rendered":"<p>\u25cfSukienka ZARESSA\u25cf<\/p>\n<p>*r.42<\/p>\n<p>*cena:379,-<\/p>\n<p>*ca\u0142a w przepi\u0119kny czarny print+podszewka be\u017cowa ze z\u0142ot\u0105 po\u015bwiat\u0105<\/p>\n<p>*posiada marszczenie maskuj\u0105ce brzuszek<\/p>\n<p>*polski producent<\/p>\n<p>#sukienkikoronkowe #sukienki<\/p>\n","protected":false},"excerpt":{"rendered":"<p>\u25cfSukienka ZARESSA\u25cf *r.42 *cena:379,- *ca\u0142a w przepi\u0119kny czarny print+podszewka be\u017cowa ze z\u0142ot\u0105 po\u015bwiat\u0105 *posiada marszczenie maskuj\u0105ce brzuszek *polski producent #sukienkikoronkowe #sukienki<\/p>\n","protected":false},"featured_media":2663,"comment_status":"open","ping_status":"closed","template":"","meta":[],"etheme_brands":[],"product_brand":[],"product_cat":[15,116,117,112,111,114,104,107,109],"product_tag":[],"class_list":{"0":"post-2661","1":"product","2":"type-product","3":"status-publish","4":"has-post-thumbnail","6":"product_cat-inne","7":"product_cat-sukienki-dopasowane","8":"product_cat-sukienki-eleganckie","9":"product_cat-sukienki-krotkie","10":"product_cat-sukienki-midi","11":"product_cat-sukienki-wieczorowe","12":"product_cat-nowosci","13":"product_cat-polscy-producenci","14":"product_cat-sukienki","16":"first","17":"instock","18":"shipping-taxable","19":"purchasable","20":"product-type-simple"},"_links":{"self":[{"href":"https:\/\/butikasia.pl\/index.php?rest_route=\/wp\/v2\/product\/2661","targetHints":{"allow":["GET"]}}],"collection":[{"href":"https:\/\/butikasia.pl\/index.php?rest_route=\/wp\/v2\/product"}],"about":[{"href":"https:\/\/butikasia.pl\/index.php?rest_route=\/wp\/v2\/types\/product"}],"replies":[{"embeddable":true,"href":"https:\/\/butikasia.pl\/index.php?rest_route=%2Fwp%2Fv2%2Fcomments&post=2661"}],"version-history":[{"count":2,"href":"https:\/\/butikasia.pl\/index.php?rest_route=\/wp\/v2\/product\/2661\/revisions"}],"predecessor-version":[{"id":2664,"href":"https:\/\/butikasia.pl\/index.php?rest_route=\/wp\/v2\/product\/2661\/revisions\/2664"}],"wp:featuredmedia":[{"embeddable":true,"href":"https:\/\/butikasia.pl\/index.php?rest_route=\/wp\/v2\/media\/2663"}],"wp:attachment":[{"href":"https:\/\/butikasia.pl\/index.php?rest_route=%2Fwp%2Fv2%2Fmedia&parent=2661"}],"wp:term":[{"taxonomy":"brand","embeddable":true,"href":"https:\/\/butikasia.pl\/index.php?rest_route=%2Fwp%2Fv2%2Fetheme_brands&post=2661"},{"taxonomy":"product_brand","embeddable":true,"href":"https:\/\/butikasia.pl\/index.php?rest_route=%2Fwp%2Fv2%2Fproduct_brand&post=2661"},{"taxonomy":"product_cat","embeddable":true,"href":"https:\/\/butikasia.pl\/index.php?rest_route=%2Fwp%2Fv2%2Fproduct_cat&post=2661"},{"taxonomy":"product_tag","embeddable":true,"href":"https:\/\/butikasia.pl\/index.php?rest_route=%2Fwp%2Fv2%2Fproduct_tag&post=2661"}],"curies":[{"name":"wp","href":"https:\/\/api.w.org\/{rel}","templated":true}]}}