{"id":2834,"date":"2026-02-25T09:13:45","date_gmt":"2026-02-25T08:13:45","guid":{"rendered":"https:\/\/butikasia.pl\/?post_type=product&#038;p=2834"},"modified":"2026-02-25T09:13:45","modified_gmt":"2026-02-25T08:13:45","slug":"sukienka-midi-rozowa-chantel-40-l","status":"publish","type":"product","link":"https:\/\/butikasia.pl\/?product=sukienka-midi-rozowa-chantel-40-l","title":{"rendered":"Sukienka midi r\u00f3\u017cowa CHANTEL 40\/L"},"content":{"rendered":"<p>\ud83e\ude77\ud83e\ude77Sukienka CHANTEL\ud83e\ude77\ud83e\ude77<\/p>\n<p>*r. 40<\/p>\n<p>*cena:349,-<\/p>\n<p>*kolor:nasycony r\u00f3\u017c (na \u017cywo przepi\u0119kna)<\/p>\n<p>*d\u0142ugo\u015b\u0107 midi<\/p>\n<p>*posiada regulowane rami\u0105czka oraz dwie wsuwane kieszonki<\/p>\n<p>*polski producent<\/p>\n<p>#butikasia #sukienkimidi #sukienki<\/p>\n","protected":false},"excerpt":{"rendered":"<p>\ud83e\ude77\ud83e\ude77Sukienka CHANTEL\ud83e\ude77\ud83e\ude77 *r. 40 *cena:349,- *kolor:nasycony r\u00f3\u017c (na \u017cywo przepi\u0119kna) *d\u0142ugo\u015b\u0107 midi *posiada regulowane rami\u0105czka oraz dwie wsuwane kieszonki *polski producent #butikasia #sukienkimidi #sukienki<\/p>\n","protected":false},"featured_media":2835,"comment_status":"open","ping_status":"closed","template":"","meta":[],"etheme_brands":[],"product_brand":[],"product_cat":[90,111,119,113,118,114,104,107,109],"product_tag":[],"class_list":{"0":"post-2834","1":"product","2":"type-product","3":"status-publish","4":"has-post-thumbnail","6":"product_cat-kolekcja-wiosenna","7":"product_cat-sukienki-midi","8":"product_cat-sukienki-na-komunie-i-chrzciny","9":"product_cat-sukienki-rozkloszowane","10":"product_cat-sukienki-weselne","11":"product_cat-sukienki-wieczorowe","12":"product_cat-nowosci","13":"product_cat-polscy-producenci","14":"product_cat-sukienki","16":"first","17":"instock","18":"shipping-taxable","19":"purchasable","20":"product-type-simple"},"_links":{"self":[{"href":"https:\/\/butikasia.pl\/index.php?rest_route=\/wp\/v2\/product\/2834","targetHints":{"allow":["GET"]}}],"collection":[{"href":"https:\/\/butikasia.pl\/index.php?rest_route=\/wp\/v2\/product"}],"about":[{"href":"https:\/\/butikasia.pl\/index.php?rest_route=\/wp\/v2\/types\/product"}],"replies":[{"embeddable":true,"href":"https:\/\/butikasia.pl\/index.php?rest_route=%2Fwp%2Fv2%2Fcomments&post=2834"}],"version-history":[{"count":1,"href":"https:\/\/butikasia.pl\/index.php?rest_route=\/wp\/v2\/product\/2834\/revisions"}],"predecessor-version":[{"id":2836,"href":"https:\/\/butikasia.pl\/index.php?rest_route=\/wp\/v2\/product\/2834\/revisions\/2836"}],"wp:featuredmedia":[{"embeddable":true,"href":"https:\/\/butikasia.pl\/index.php?rest_route=\/wp\/v2\/media\/2835"}],"wp:attachment":[{"href":"https:\/\/butikasia.pl\/index.php?rest_route=%2Fwp%2Fv2%2Fmedia&parent=2834"}],"wp:term":[{"taxonomy":"brand","embeddable":true,"href":"https:\/\/butikasia.pl\/index.php?rest_route=%2Fwp%2Fv2%2Fetheme_brands&post=2834"},{"taxonomy":"product_brand","embeddable":true,"href":"https:\/\/butikasia.pl\/index.php?rest_route=%2Fwp%2Fv2%2Fproduct_brand&post=2834"},{"taxonomy":"product_cat","embeddable":true,"href":"https:\/\/butikasia.pl\/index.php?rest_route=%2Fwp%2Fv2%2Fproduct_cat&post=2834"},{"taxonomy":"product_tag","embeddable":true,"href":"https:\/\/butikasia.pl\/index.php?rest_route=%2Fwp%2Fv2%2Fproduct_tag&post=2834"}],"curies":[{"name":"wp","href":"https:\/\/api.w.org\/{rel}","templated":true}]}}