{"id":2840,"date":"2026-02-25T09:26:04","date_gmt":"2026-02-25T08:26:04","guid":{"rendered":"https:\/\/butikasia.pl\/?post_type=product&#038;p=2840"},"modified":"2026-03-05T13:04:38","modified_gmt":"2026-03-05T12:04:38","slug":"sukienka-chiara-midi-blekitna-40-42-44-46","status":"publish","type":"product","link":"https:\/\/butikasia.pl\/?product=sukienka-chiara-midi-blekitna-40-42-44-46","title":{"rendered":"Sukienka CHIARA Midi b\u0142\u0119kitna 40\/42 44\/46"},"content":{"rendered":"<p>\ud83e\ude75\ud83e\ude75Sukienka CHIARA PREMIUM\ud83e\ude75<\/p>\n<p>*r.42 oraz 46<\/p>\n<p>(Wypadaj\u0105 o p\u00f3\u0142 rozmiaru mniejsze ni\u017c rozmiar z metki)<\/p>\n<p>*cena:289,-<\/p>\n<p>*kolor:ch\u0142odny b\u0142\u0119kit<\/p>\n<p>*kopertowa<\/p>\n<p>*ty\u0142 troszk\u0119 d\u0142u\u017cszy ni\u017c prz\u00f3d<\/p>\n<p>*przepi\u0119knie si\u0119 uk\u0142ada<\/p>\n<p>*w komplecie posiada materia\u0142owy pasek<\/p>\n<p>*polski producent<\/p>\n<p>*dost\u0119pne r\u00f3wnie\u017c inne kolory<\/p>\n<p>&nbsp;<\/p>\n<p>#sukienki #sukienkimidi #sukienkib\u0142\u0119kitne<\/p>\n","protected":false},"excerpt":{"rendered":"<p>\ud83e\ude75\ud83e\ude75Sukienka CHIARA PREMIUM\ud83e\ude75 *r.42 oraz 46 (Wypadaj\u0105 o p\u00f3\u0142 rozmiaru mniejsze ni\u017c rozmiar z metki) *cena:289,- *kolor:ch\u0142odny b\u0142\u0119kit *kopertowa *ty\u0142 troszk\u0119 d\u0142u\u017cszy ni\u017c prz\u00f3d *przepi\u0119knie&#8230;<\/p>\n","protected":false},"featured_media":2844,"comment_status":"open","ping_status":"closed","template":"","meta":[],"etheme_brands":[],"product_brand":[],"product_cat":[90,158,117,111,119,113,118,108,104,107,109],"product_tag":[],"class_list":{"0":"post-2840","1":"product","2":"type-product","3":"status-publish","4":"has-post-thumbnail","6":"product_cat-kolekcja-wiosenna","7":"product_cat-komunia-2026","8":"product_cat-sukienki-eleganckie","9":"product_cat-sukienki-midi","10":"product_cat-sukienki-na-komunie-i-chrzciny","11":"product_cat-sukienki-rozkloszowane","12":"product_cat-sukienki-weselne","13":"product_cat-moda-plus-size","14":"product_cat-nowosci","15":"product_cat-polscy-producenci","16":"product_cat-sukienki","18":"first","19":"instock","20":"shipping-taxable","21":"purchasable","22":"product-type-variable","23":"has-default-attributes"},"_links":{"self":[{"href":"https:\/\/butikasia.pl\/index.php?rest_route=\/wp\/v2\/product\/2840","targetHints":{"allow":["GET"]}}],"collection":[{"href":"https:\/\/butikasia.pl\/index.php?rest_route=\/wp\/v2\/product"}],"about":[{"href":"https:\/\/butikasia.pl\/index.php?rest_route=\/wp\/v2\/types\/product"}],"replies":[{"embeddable":true,"href":"https:\/\/butikasia.pl\/index.php?rest_route=%2Fwp%2Fv2%2Fcomments&post=2840"}],"version-history":[{"count":1,"href":"https:\/\/butikasia.pl\/index.php?rest_route=\/wp\/v2\/product\/2840\/revisions"}],"predecessor-version":[{"id":2846,"href":"https:\/\/butikasia.pl\/index.php?rest_route=\/wp\/v2\/product\/2840\/revisions\/2846"}],"wp:featuredmedia":[{"embeddable":true,"href":"https:\/\/butikasia.pl\/index.php?rest_route=\/wp\/v2\/media\/2844"}],"wp:attachment":[{"href":"https:\/\/butikasia.pl\/index.php?rest_route=%2Fwp%2Fv2%2Fmedia&parent=2840"}],"wp:term":[{"taxonomy":"brand","embeddable":true,"href":"https:\/\/butikasia.pl\/index.php?rest_route=%2Fwp%2Fv2%2Fetheme_brands&post=2840"},{"taxonomy":"product_brand","embeddable":true,"href":"https:\/\/butikasia.pl\/index.php?rest_route=%2Fwp%2Fv2%2Fproduct_brand&post=2840"},{"taxonomy":"product_cat","embeddable":true,"href":"https:\/\/butikasia.pl\/index.php?rest_route=%2Fwp%2Fv2%2Fproduct_cat&post=2840"},{"taxonomy":"product_tag","embeddable":true,"href":"https:\/\/butikasia.pl\/index.php?rest_route=%2Fwp%2Fv2%2Fproduct_tag&post=2840"}],"curies":[{"name":"wp","href":"https:\/\/api.w.org\/{rel}","templated":true}]}}