{"id":2973,"date":"2026-02-27T21:19:25","date_gmt":"2026-02-27T20:19:25","guid":{"rendered":"https:\/\/butikasia.pl\/?post_type=product&#038;p=2973"},"modified":"2026-03-05T12:38:06","modified_gmt":"2026-03-05T11:38:06","slug":"sukienka-mercedes-38-m-dluga-niebieska","status":"publish","type":"product","link":"https:\/\/butikasia.pl\/?product=sukienka-mercedes-38-m-dluga-niebieska","title":{"rendered":"Sukienka MERCEDES 38\/M d\u0142uga niebieska"},"content":{"rendered":"<p>\ud83d\udc8e\ud83d\udc8e\ud83d\udc8eSukienka MERCEDES\ud83d\udc8e\ud83d\udc8e\ud83d\udc8e<\/p>\n<p>*r.38<\/p>\n<p>*cena:499,- teraz tylko 299,-<\/p>\n<p>-sukienka jest nowa z metk\u0105,ale posiada uszkodzone cekinki na rami\u0105czkach -mo\u017cna je ca\u0142kowicie \u015bci\u0105gn\u0105\u0107 ,pozosta\u0142a cz\u0119\u015b\u0107 sukienki w idealnym stanie<\/p>\n<p>*kolor:niebieski &#8222;jeansowy&#8221;<\/p>\n<p>*g\u00f3ra koronkowa zdobiona cyrkoniami,d\u00f3\u0142 zwiewny z podszewk\u0105<\/p>\n<p>*posiada wszyte poduszki<\/p>\n<p>*przepi\u0119knie eksponuje plecy<\/p>\n<p>#sukienkiwieczorowe #sukienkid\u0142ugie #sukienki<\/p>\n","protected":false},"excerpt":{"rendered":"<blockquote><p>&nbsp;<\/p><\/blockquote>\n","protected":false},"featured_media":2974,"comment_status":"open","ping_status":"closed","template":"","meta":[],"etheme_brands":[],"product_brand":[],"product_cat":[110,113,118,114,104,68,107,109,106],"product_tag":[],"class_list":{"0":"post-2973","1":"product","2":"type-product","3":"status-publish","4":"has-post-thumbnail","6":"product_cat-sukienki-dlugie","7":"product_cat-sukienki-rozkloszowane","8":"product_cat-sukienki-weselne","9":"product_cat-sukienki-wieczorowe","10":"product_cat-nowosci","11":"product_cat-outlet","12":"product_cat-polscy-producenci","13":"product_cat-sukienki","14":"product_cat-wyprzedaz","16":"first","17":"instock","18":"sale","19":"shipping-taxable","20":"purchasable","21":"product-type-simple"},"_links":{"self":[{"href":"https:\/\/butikasia.pl\/index.php?rest_route=\/wp\/v2\/product\/2973","targetHints":{"allow":["GET"]}}],"collection":[{"href":"https:\/\/butikasia.pl\/index.php?rest_route=\/wp\/v2\/product"}],"about":[{"href":"https:\/\/butikasia.pl\/index.php?rest_route=\/wp\/v2\/types\/product"}],"replies":[{"embeddable":true,"href":"https:\/\/butikasia.pl\/index.php?rest_route=%2Fwp%2Fv2%2Fcomments&post=2973"}],"version-history":[{"count":2,"href":"https:\/\/butikasia.pl\/index.php?rest_route=\/wp\/v2\/product\/2973\/revisions"}],"predecessor-version":[{"id":3675,"href":"https:\/\/butikasia.pl\/index.php?rest_route=\/wp\/v2\/product\/2973\/revisions\/3675"}],"wp:featuredmedia":[{"embeddable":true,"href":"https:\/\/butikasia.pl\/index.php?rest_route=\/wp\/v2\/media\/2974"}],"wp:attachment":[{"href":"https:\/\/butikasia.pl\/index.php?rest_route=%2Fwp%2Fv2%2Fmedia&parent=2973"}],"wp:term":[{"taxonomy":"brand","embeddable":true,"href":"https:\/\/butikasia.pl\/index.php?rest_route=%2Fwp%2Fv2%2Fetheme_brands&post=2973"},{"taxonomy":"product_brand","embeddable":true,"href":"https:\/\/butikasia.pl\/index.php?rest_route=%2Fwp%2Fv2%2Fproduct_brand&post=2973"},{"taxonomy":"product_cat","embeddable":true,"href":"https:\/\/butikasia.pl\/index.php?rest_route=%2Fwp%2Fv2%2Fproduct_cat&post=2973"},{"taxonomy":"product_tag","embeddable":true,"href":"https:\/\/butikasia.pl\/index.php?rest_route=%2Fwp%2Fv2%2Fproduct_tag&post=2973"}],"curies":[{"name":"wp","href":"https:\/\/api.w.org\/{rel}","templated":true}]}}