{"id":2997,"date":"2026-02-27T22:10:45","date_gmt":"2026-02-27T21:10:45","guid":{"rendered":"https:\/\/butikasia.pl\/?post_type=product&#038;p=2997"},"modified":"2026-02-27T22:10:45","modified_gmt":"2026-02-27T21:10:45","slug":"sukienka-bezowa-amelia-34-36-kopertowa-marszczona","status":"publish","type":"product","link":"https:\/\/butikasia.pl\/?product=sukienka-bezowa-amelia-34-36-kopertowa-marszczona","title":{"rendered":"Sukienka be\u017cowa AMELIA 34\/36 kopertowa marszczona"},"content":{"rendered":"<p>\ud83c\udf38\ud83c\udf38Sukienka AMELIA\ud83c\udf38\ud83c\udf38<\/p>\n<p>*r.36<\/p>\n<p>(Wypadaj\u0105 o p\u00f3\u0142 rozmiaru mniejsze ni\u017c rozmiar z metki)<\/p>\n<p>*cena:219,-<\/p>\n<p>*kolor:jasnobe\u017cowy<\/p>\n<p>*marszczona -\u015bwietnie maskuje brzuszek<\/p>\n<p>*asymetryczna<\/p>\n<p>*z ty\u0142u zapinana na zamek<\/p>\n<p>*polski producent<\/p>\n<p>*dost\u0119pne r\u00f3wnie\u017c inne kolory w rozmiarach od 36 do 50<\/p>\n<p>#butikasia #sukienki #sukienkikopertowe<\/p>\n","protected":false},"excerpt":{"rendered":"<p>\ud83c\udf38\ud83c\udf38Sukienka AMELIA\ud83c\udf38\ud83c\udf38 *r.36 (Wypadaj\u0105 o p\u00f3\u0142 rozmiaru mniejsze ni\u017c rozmiar z metki) *cena:219,- *kolor:jasnobe\u017cowy *marszczona -\u015bwietnie maskuje brzuszek *asymetryczna *z ty\u0142u zapinana na zamek *polski&#8230;<\/p>\n","protected":false},"featured_media":2998,"comment_status":"open","ping_status":"closed","template":"","meta":[],"etheme_brands":[],"product_brand":[],"product_cat":[90,158,116,117,112,119,104,107,109],"product_tag":[],"class_list":{"0":"post-2997","1":"product","2":"type-product","3":"status-publish","4":"has-post-thumbnail","6":"product_cat-kolekcja-wiosenna","7":"product_cat-komunia-2026","8":"product_cat-sukienki-dopasowane","9":"product_cat-sukienki-eleganckie","10":"product_cat-sukienki-krotkie","11":"product_cat-sukienki-na-komunie-i-chrzciny","12":"product_cat-nowosci","13":"product_cat-polscy-producenci","14":"product_cat-sukienki","16":"first","17":"instock","18":"shipping-taxable","19":"purchasable","20":"product-type-simple"},"_links":{"self":[{"href":"https:\/\/butikasia.pl\/index.php?rest_route=\/wp\/v2\/product\/2997","targetHints":{"allow":["GET"]}}],"collection":[{"href":"https:\/\/butikasia.pl\/index.php?rest_route=\/wp\/v2\/product"}],"about":[{"href":"https:\/\/butikasia.pl\/index.php?rest_route=\/wp\/v2\/types\/product"}],"replies":[{"embeddable":true,"href":"https:\/\/butikasia.pl\/index.php?rest_route=%2Fwp%2Fv2%2Fcomments&post=2997"}],"version-history":[{"count":1,"href":"https:\/\/butikasia.pl\/index.php?rest_route=\/wp\/v2\/product\/2997\/revisions"}],"predecessor-version":[{"id":3001,"href":"https:\/\/butikasia.pl\/index.php?rest_route=\/wp\/v2\/product\/2997\/revisions\/3001"}],"wp:featuredmedia":[{"embeddable":true,"href":"https:\/\/butikasia.pl\/index.php?rest_route=\/wp\/v2\/media\/2998"}],"wp:attachment":[{"href":"https:\/\/butikasia.pl\/index.php?rest_route=%2Fwp%2Fv2%2Fmedia&parent=2997"}],"wp:term":[{"taxonomy":"brand","embeddable":true,"href":"https:\/\/butikasia.pl\/index.php?rest_route=%2Fwp%2Fv2%2Fetheme_brands&post=2997"},{"taxonomy":"product_brand","embeddable":true,"href":"https:\/\/butikasia.pl\/index.php?rest_route=%2Fwp%2Fv2%2Fproduct_brand&post=2997"},{"taxonomy":"product_cat","embeddable":true,"href":"https:\/\/butikasia.pl\/index.php?rest_route=%2Fwp%2Fv2%2Fproduct_cat&post=2997"},{"taxonomy":"product_tag","embeddable":true,"href":"https:\/\/butikasia.pl\/index.php?rest_route=%2Fwp%2Fv2%2Fproduct_tag&post=2997"}],"curies":[{"name":"wp","href":"https:\/\/api.w.org\/{rel}","templated":true}]}}