{"id":3029,"date":"2026-02-28T08:36:50","date_gmt":"2026-02-28T07:36:50","guid":{"rendered":"https:\/\/butikasia.pl\/?post_type=product&#038;p=3029"},"modified":"2026-03-05T11:45:43","modified_gmt":"2026-03-05T10:45:43","slug":"sukienka-garden-dluga-40-l-biala-slubna-bezowa-maxi-tiulowa","status":"publish","type":"product","link":"https:\/\/butikasia.pl\/?product=sukienka-garden-dluga-40-l-biala-slubna-bezowa-maxi-tiulowa","title":{"rendered":"Sukienka GARDEN d\u0142uga 40\/L bia\u0142a \u015blubna be\u017cowa maxi tiulowa"},"content":{"rendered":"<p>\ud83d\udc8d\ud83d\udc8e\u2764\ufe0fSuknia GARDEN PREMIUM\u2764\ufe0f\ud83d\udc8e\ud83d\udc8d<\/p>\n<p>*r.40<\/p>\n<p>*cena:999,-<\/p>\n<p>*kolor:bia\u0142y na kremowym\/jasnobe\u017cowym tle<\/p>\n<p>*przepi\u0119knie zdobiona koronk\u0105<\/p>\n<p>*posiada wszyte miseczki<\/p>\n<p>*d\u00f3\u0142-tiulowy<\/p>\n<p>*z ty\u0142u zapinana na zamek<\/p>\n<p>*polski producent<\/p>\n<p>#suknia\u015blubna #wedding #suknie\u015blubne<\/p>\n","protected":false},"excerpt":{"rendered":"<p>\ud83d\udc8d\ud83d\udc8e\u2764\ufe0fSuknia GARDEN PREMIUM\u2764\ufe0f\ud83d\udc8e\ud83d\udc8d *r.40 *cena:999,- *kolor:bia\u0142y na kremowym\/jasnobe\u017cowym tle *przepi\u0119knie zdobiona koronk\u0105 *posiada wszyte miseczki *d\u00f3\u0142-tiulowy *z ty\u0142u zapinana na zamek *polski producent #suknia\u015blubna #wedding&#8230;<\/p>\n","protected":false},"featured_media":3032,"comment_status":"open","ping_status":"closed","template":"","meta":[],"etheme_brands":[],"product_brand":[],"product_cat":[110,113,120,107,105,109],"product_tag":[],"class_list":{"0":"post-3029","1":"product","2":"type-product","3":"status-publish","4":"has-post-thumbnail","6":"product_cat-sukienki-dlugie","7":"product_cat-sukienki-rozkloszowane","8":"product_cat-moda-slubna","9":"product_cat-polscy-producenci","10":"product_cat-premium","11":"product_cat-sukienki","13":"first","14":"instock","15":"shipping-taxable","16":"purchasable","17":"product-type-simple"},"_links":{"self":[{"href":"https:\/\/butikasia.pl\/index.php?rest_route=\/wp\/v2\/product\/3029","targetHints":{"allow":["GET"]}}],"collection":[{"href":"https:\/\/butikasia.pl\/index.php?rest_route=\/wp\/v2\/product"}],"about":[{"href":"https:\/\/butikasia.pl\/index.php?rest_route=\/wp\/v2\/types\/product"}],"replies":[{"embeddable":true,"href":"https:\/\/butikasia.pl\/index.php?rest_route=%2Fwp%2Fv2%2Fcomments&post=3029"}],"version-history":[{"count":1,"href":"https:\/\/butikasia.pl\/index.php?rest_route=\/wp\/v2\/product\/3029\/revisions"}],"predecessor-version":[{"id":3033,"href":"https:\/\/butikasia.pl\/index.php?rest_route=\/wp\/v2\/product\/3029\/revisions\/3033"}],"wp:featuredmedia":[{"embeddable":true,"href":"https:\/\/butikasia.pl\/index.php?rest_route=\/wp\/v2\/media\/3032"}],"wp:attachment":[{"href":"https:\/\/butikasia.pl\/index.php?rest_route=%2Fwp%2Fv2%2Fmedia&parent=3029"}],"wp:term":[{"taxonomy":"brand","embeddable":true,"href":"https:\/\/butikasia.pl\/index.php?rest_route=%2Fwp%2Fv2%2Fetheme_brands&post=3029"},{"taxonomy":"product_brand","embeddable":true,"href":"https:\/\/butikasia.pl\/index.php?rest_route=%2Fwp%2Fv2%2Fproduct_brand&post=3029"},{"taxonomy":"product_cat","embeddable":true,"href":"https:\/\/butikasia.pl\/index.php?rest_route=%2Fwp%2Fv2%2Fproduct_cat&post=3029"},{"taxonomy":"product_tag","embeddable":true,"href":"https:\/\/butikasia.pl\/index.php?rest_route=%2Fwp%2Fv2%2Fproduct_tag&post=3029"}],"curies":[{"name":"wp","href":"https:\/\/api.w.org\/{rel}","templated":true}]}}