{"id":3203,"date":"2026-03-01T19:20:12","date_gmt":"2026-03-01T18:20:12","guid":{"rendered":"https:\/\/butikasia.pl\/?post_type=product&#038;p=3203"},"modified":"2026-03-01T19:20:12","modified_gmt":"2026-03-01T18:20:12","slug":"sukienka-midi-stella-50-5xl-zielona-wzory-niebieska","status":"publish","type":"product","link":"https:\/\/butikasia.pl\/?product=sukienka-midi-stella-50-5xl-zielona-wzory-niebieska","title":{"rendered":"Sukienka midi STELLA 50\/5XL zielona wzory niebieska"},"content":{"rendered":"<p>\ud83c\udf3f\ud83c\udf39Sukienka Stella Midi\ud83c\udf3f\ud83c\udf39<\/p>\n<p>*r.52-pasuje na 50<\/p>\n<p>*cena:269,-<\/p>\n<p>*kopertowa, wi\u0105zana jak szlafrok<\/p>\n<p>*ca\u0142a w przepi\u0119kny print<\/p>\n<p>*prz\u00f3d troch\u0119 kr\u00f3tszy ni\u017c ty\u0142<\/p>\n<p>*posiada naci\u0119cia w r\u0119kawkach<\/p>\n<p>*dost\u0119pne r\u00f3wnie\u017c inne wzory oraz te\u017c w wersji maxi<\/p>\n<p>#butikasia #sukienkamidi #sukienki<\/p>\n","protected":false},"excerpt":{"rendered":"<p>\ud83c\udf3f\ud83c\udf39Sukienka Stella Midi\ud83c\udf3f\ud83c\udf39 *r.52-pasuje na 50 *cena:269,- *kopertowa, wi\u0105zana jak szlafrok *ca\u0142a w przepi\u0119kny print *prz\u00f3d troch\u0119 kr\u00f3tszy ni\u017c ty\u0142 *posiada naci\u0119cia w r\u0119kawkach *dost\u0119pne&#8230;<\/p>\n","protected":false},"featured_media":3204,"comment_status":"open","ping_status":"closed","template":"","meta":[],"etheme_brands":[],"product_brand":[],"product_cat":[90,112,111,113,108,104,107,109],"product_tag":[],"class_list":{"0":"post-3203","1":"product","2":"type-product","3":"status-publish","4":"has-post-thumbnail","6":"product_cat-kolekcja-wiosenna","7":"product_cat-sukienki-krotkie","8":"product_cat-sukienki-midi","9":"product_cat-sukienki-rozkloszowane","10":"product_cat-moda-plus-size","11":"product_cat-nowosci","12":"product_cat-polscy-producenci","13":"product_cat-sukienki","15":"first","16":"instock","17":"shipping-taxable","18":"purchasable","19":"product-type-simple"},"_links":{"self":[{"href":"https:\/\/butikasia.pl\/index.php?rest_route=\/wp\/v2\/product\/3203","targetHints":{"allow":["GET"]}}],"collection":[{"href":"https:\/\/butikasia.pl\/index.php?rest_route=\/wp\/v2\/product"}],"about":[{"href":"https:\/\/butikasia.pl\/index.php?rest_route=\/wp\/v2\/types\/product"}],"replies":[{"embeddable":true,"href":"https:\/\/butikasia.pl\/index.php?rest_route=%2Fwp%2Fv2%2Fcomments&post=3203"}],"version-history":[{"count":1,"href":"https:\/\/butikasia.pl\/index.php?rest_route=\/wp\/v2\/product\/3203\/revisions"}],"predecessor-version":[{"id":3205,"href":"https:\/\/butikasia.pl\/index.php?rest_route=\/wp\/v2\/product\/3203\/revisions\/3205"}],"wp:featuredmedia":[{"embeddable":true,"href":"https:\/\/butikasia.pl\/index.php?rest_route=\/wp\/v2\/media\/3204"}],"wp:attachment":[{"href":"https:\/\/butikasia.pl\/index.php?rest_route=%2Fwp%2Fv2%2Fmedia&parent=3203"}],"wp:term":[{"taxonomy":"brand","embeddable":true,"href":"https:\/\/butikasia.pl\/index.php?rest_route=%2Fwp%2Fv2%2Fetheme_brands&post=3203"},{"taxonomy":"product_brand","embeddable":true,"href":"https:\/\/butikasia.pl\/index.php?rest_route=%2Fwp%2Fv2%2Fproduct_brand&post=3203"},{"taxonomy":"product_cat","embeddable":true,"href":"https:\/\/butikasia.pl\/index.php?rest_route=%2Fwp%2Fv2%2Fproduct_cat&post=3203"},{"taxonomy":"product_tag","embeddable":true,"href":"https:\/\/butikasia.pl\/index.php?rest_route=%2Fwp%2Fv2%2Fproduct_tag&post=3203"}],"curies":[{"name":"wp","href":"https:\/\/api.w.org\/{rel}","templated":true}]}}