{"id":3227,"date":"2026-03-01T20:02:12","date_gmt":"2026-03-01T19:02:12","guid":{"rendered":"https:\/\/butikasia.pl\/?post_type=product&#038;p=3227"},"modified":"2026-03-01T20:02:12","modified_gmt":"2026-03-01T19:02:12","slug":"naszyjnik-perelki-perly-serce-zloty-stal-chirurgiczna","status":"publish","type":"product","link":"https:\/\/butikasia.pl\/?product=naszyjnik-perelki-perly-serce-zloty-stal-chirurgiczna","title":{"rendered":"Naszyjnik pere\u0142ki per\u0142y serce z\u0142oty stal chirurgiczna"},"content":{"rendered":"<blockquote><p>\ud83d\udc1a\ud83d\udc9b\ud83e\udeb8Naszyjnik \ud83d\udc1a\ud83d\udc9b\ud83e\udeb8<\/p><\/blockquote>\n<p>*cena:55,-<\/p>\n<p>*pere\u0142kowy,na dole zdobiony sercem ze skrzyd\u0142ami<\/p>\n<p>*stal chirurgiczna-nie uczula, nie zmienia koloru<\/p>\n<p>*wysoka jako\u015b\u0107 wykonania<\/p>\n<p>#naszyjnik #stalnierdzewna #stalchirurgiczna #bi\u017cuteria #butikasia<\/p>\n","protected":false},"excerpt":{"rendered":"<p>\ud83d\udc1a\ud83d\udc9b\ud83e\udeb8Naszyjnik \ud83d\udc1a\ud83d\udc9b\ud83e\udeb8 *cena:55,- *pere\u0142kowy,na dole zdobiony sercem ze skrzyd\u0142ami *stal chirurgiczna-nie uczula, nie zmienia koloru *wysoka jako\u015b\u0107 wykonania #naszyjnik #stalnierdzewna #stalchirurgiczna #bi\u017cuteria #butikasia<\/p>\n","protected":false},"featured_media":3228,"comment_status":"open","ping_status":"closed","template":"","meta":[],"etheme_brands":[],"product_brand":[],"product_cat":[125,121,104],"product_tag":[],"class_list":{"0":"post-3227","1":"product","2":"type-product","3":"status-publish","4":"has-post-thumbnail","6":"product_cat-naszyjniki-i-lancuszki","7":"product_cat-akcesoria","8":"product_cat-nowosci","10":"first","11":"instock","12":"shipping-taxable","13":"purchasable","14":"product-type-simple"},"_links":{"self":[{"href":"https:\/\/butikasia.pl\/index.php?rest_route=\/wp\/v2\/product\/3227","targetHints":{"allow":["GET"]}}],"collection":[{"href":"https:\/\/butikasia.pl\/index.php?rest_route=\/wp\/v2\/product"}],"about":[{"href":"https:\/\/butikasia.pl\/index.php?rest_route=\/wp\/v2\/types\/product"}],"replies":[{"embeddable":true,"href":"https:\/\/butikasia.pl\/index.php?rest_route=%2Fwp%2Fv2%2Fcomments&post=3227"}],"version-history":[{"count":1,"href":"https:\/\/butikasia.pl\/index.php?rest_route=\/wp\/v2\/product\/3227\/revisions"}],"predecessor-version":[{"id":3229,"href":"https:\/\/butikasia.pl\/index.php?rest_route=\/wp\/v2\/product\/3227\/revisions\/3229"}],"wp:featuredmedia":[{"embeddable":true,"href":"https:\/\/butikasia.pl\/index.php?rest_route=\/wp\/v2\/media\/3228"}],"wp:attachment":[{"href":"https:\/\/butikasia.pl\/index.php?rest_route=%2Fwp%2Fv2%2Fmedia&parent=3227"}],"wp:term":[{"taxonomy":"brand","embeddable":true,"href":"https:\/\/butikasia.pl\/index.php?rest_route=%2Fwp%2Fv2%2Fetheme_brands&post=3227"},{"taxonomy":"product_brand","embeddable":true,"href":"https:\/\/butikasia.pl\/index.php?rest_route=%2Fwp%2Fv2%2Fproduct_brand&post=3227"},{"taxonomy":"product_cat","embeddable":true,"href":"https:\/\/butikasia.pl\/index.php?rest_route=%2Fwp%2Fv2%2Fproduct_cat&post=3227"},{"taxonomy":"product_tag","embeddable":true,"href":"https:\/\/butikasia.pl\/index.php?rest_route=%2Fwp%2Fv2%2Fproduct_tag&post=3227"}],"curies":[{"name":"wp","href":"https:\/\/api.w.org\/{rel}","templated":true}]}}