{"id":3230,"date":"2026-03-01T20:06:54","date_gmt":"2026-03-01T19:06:54","guid":{"rendered":"https:\/\/butikasia.pl\/?post_type=product&#038;p=3230"},"modified":"2026-03-01T20:06:54","modified_gmt":"2026-03-01T19:06:54","slug":"kolczyki-rozowe-platki-wiszace-kwiatki","status":"publish","type":"product","link":"https:\/\/butikasia.pl\/?product=kolczyki-rozowe-platki-wiszace-kwiatki","title":{"rendered":"Kolczyki r\u00f3\u017cowe p\u0142atki wisz\u0105ce kwiatki"},"content":{"rendered":"<p>\ud83d\udcae\ud83d\udcae\ud83d\udcaeKolczyki \ud83d\udcae\ud83d\udcae\ud83d\udcae<\/p>\n<p>*cena:39,-<\/p>\n<p>*kolor:z\u0142oty zdobiony p\u0142atkami w kolorze r\u00f3\u017cowym<\/p>\n<p>#kolczyki #bi\u017cuteria #butikasia<\/p>\n","protected":false},"excerpt":{"rendered":"<p>\ud83d\udcae\ud83d\udcae\ud83d\udcaeKolczyki \ud83d\udcae\ud83d\udcae\ud83d\udcae *cena:39,- *kolor:z\u0142oty zdobiony p\u0142atkami w kolorze r\u00f3\u017cowym #kolczyki #bi\u017cuteria #butikasia<\/p>\n","protected":false},"featured_media":3231,"comment_status":"open","ping_status":"closed","template":"","meta":[],"etheme_brands":[],"product_brand":[],"product_cat":[123,90,121,104],"product_tag":[],"class_list":{"0":"post-3230","1":"product","2":"type-product","3":"status-publish","4":"has-post-thumbnail","6":"product_cat-kolczyki","7":"product_cat-kolekcja-wiosenna","8":"product_cat-akcesoria","9":"product_cat-nowosci","11":"first","12":"instock","13":"shipping-taxable","14":"purchasable","15":"product-type-simple"},"_links":{"self":[{"href":"https:\/\/butikasia.pl\/index.php?rest_route=\/wp\/v2\/product\/3230","targetHints":{"allow":["GET"]}}],"collection":[{"href":"https:\/\/butikasia.pl\/index.php?rest_route=\/wp\/v2\/product"}],"about":[{"href":"https:\/\/butikasia.pl\/index.php?rest_route=\/wp\/v2\/types\/product"}],"replies":[{"embeddable":true,"href":"https:\/\/butikasia.pl\/index.php?rest_route=%2Fwp%2Fv2%2Fcomments&post=3230"}],"version-history":[{"count":1,"href":"https:\/\/butikasia.pl\/index.php?rest_route=\/wp\/v2\/product\/3230\/revisions"}],"predecessor-version":[{"id":3233,"href":"https:\/\/butikasia.pl\/index.php?rest_route=\/wp\/v2\/product\/3230\/revisions\/3233"}],"wp:featuredmedia":[{"embeddable":true,"href":"https:\/\/butikasia.pl\/index.php?rest_route=\/wp\/v2\/media\/3231"}],"wp:attachment":[{"href":"https:\/\/butikasia.pl\/index.php?rest_route=%2Fwp%2Fv2%2Fmedia&parent=3230"}],"wp:term":[{"taxonomy":"brand","embeddable":true,"href":"https:\/\/butikasia.pl\/index.php?rest_route=%2Fwp%2Fv2%2Fetheme_brands&post=3230"},{"taxonomy":"product_brand","embeddable":true,"href":"https:\/\/butikasia.pl\/index.php?rest_route=%2Fwp%2Fv2%2Fproduct_brand&post=3230"},{"taxonomy":"product_cat","embeddable":true,"href":"https:\/\/butikasia.pl\/index.php?rest_route=%2Fwp%2Fv2%2Fproduct_cat&post=3230"},{"taxonomy":"product_tag","embeddable":true,"href":"https:\/\/butikasia.pl\/index.php?rest_route=%2Fwp%2Fv2%2Fproduct_tag&post=3230"}],"curies":[{"name":"wp","href":"https:\/\/api.w.org\/{rel}","templated":true}]}}