{"id":3257,"date":"2026-03-02T08:42:09","date_gmt":"2026-03-02T07:42:09","guid":{"rendered":"https:\/\/butikasia.pl\/?post_type=product&#038;p=3257"},"modified":"2026-03-02T08:42:09","modified_gmt":"2026-03-02T07:42:09","slug":"kolczyki-dlugie-wiszace-zlote-srebrne","status":"publish","type":"product","link":"https:\/\/butikasia.pl\/?product=kolczyki-dlugie-wiszace-zlote-srebrne","title":{"rendered":"Kolczyki d\u0142ugie wisz\u0105ce z\u0142ote srebrne"},"content":{"rendered":"<p>\ud83c\udf39\ud83c\udf39\ud83c\udf39Kolczyki \ud83c\udf39\ud83c\udf39\ud83c\udf39<\/p>\n<p>*cena:59,-<\/p>\n<p>*stal chirurgiczna-nie uczula, nie zmieniaj\u0105 koloru<\/p>\n<p>*kolor:z\u0142oty+cyrkonie w kolorze srebrnym<\/p>\n<p>&nbsp;<\/p>\n<p>#kolczyki #bi\u017cuteria #butikasia<\/p>\n","protected":false},"excerpt":{"rendered":"<p>\ud83c\udf39\ud83c\udf39\ud83c\udf39Kolczyki \ud83c\udf39\ud83c\udf39\ud83c\udf39 *cena:59,- *stal chirurgiczna-nie uczula, nie zmieniaj\u0105 koloru *kolor:z\u0142oty+cyrkonie w kolorze srebrnym &nbsp; #kolczyki #bi\u017cuteria #butikasia<\/p>\n","protected":false},"featured_media":3258,"comment_status":"open","ping_status":"closed","template":"","meta":[],"etheme_brands":[],"product_brand":[],"product_cat":[123,121,104],"product_tag":[],"class_list":{"0":"post-3257","1":"product","2":"type-product","3":"status-publish","4":"has-post-thumbnail","6":"product_cat-kolczyki","7":"product_cat-akcesoria","8":"product_cat-nowosci","10":"first","11":"instock","12":"shipping-taxable","13":"purchasable","14":"product-type-simple"},"_links":{"self":[{"href":"https:\/\/butikasia.pl\/index.php?rest_route=\/wp\/v2\/product\/3257","targetHints":{"allow":["GET"]}}],"collection":[{"href":"https:\/\/butikasia.pl\/index.php?rest_route=\/wp\/v2\/product"}],"about":[{"href":"https:\/\/butikasia.pl\/index.php?rest_route=\/wp\/v2\/types\/product"}],"replies":[{"embeddable":true,"href":"https:\/\/butikasia.pl\/index.php?rest_route=%2Fwp%2Fv2%2Fcomments&post=3257"}],"version-history":[{"count":1,"href":"https:\/\/butikasia.pl\/index.php?rest_route=\/wp\/v2\/product\/3257\/revisions"}],"predecessor-version":[{"id":3259,"href":"https:\/\/butikasia.pl\/index.php?rest_route=\/wp\/v2\/product\/3257\/revisions\/3259"}],"wp:featuredmedia":[{"embeddable":true,"href":"https:\/\/butikasia.pl\/index.php?rest_route=\/wp\/v2\/media\/3258"}],"wp:attachment":[{"href":"https:\/\/butikasia.pl\/index.php?rest_route=%2Fwp%2Fv2%2Fmedia&parent=3257"}],"wp:term":[{"taxonomy":"brand","embeddable":true,"href":"https:\/\/butikasia.pl\/index.php?rest_route=%2Fwp%2Fv2%2Fetheme_brands&post=3257"},{"taxonomy":"product_brand","embeddable":true,"href":"https:\/\/butikasia.pl\/index.php?rest_route=%2Fwp%2Fv2%2Fproduct_brand&post=3257"},{"taxonomy":"product_cat","embeddable":true,"href":"https:\/\/butikasia.pl\/index.php?rest_route=%2Fwp%2Fv2%2Fproduct_cat&post=3257"},{"taxonomy":"product_tag","embeddable":true,"href":"https:\/\/butikasia.pl\/index.php?rest_route=%2Fwp%2Fv2%2Fproduct_tag&post=3257"}],"curies":[{"name":"wp","href":"https:\/\/api.w.org\/{rel}","templated":true}]}}