{"id":3332,"date":"2026-03-02T19:08:20","date_gmt":"2026-03-02T18:08:20","guid":{"rendered":"https:\/\/butikasia.pl\/?post_type=product&#038;p=3332"},"modified":"2026-03-02T19:08:21","modified_gmt":"2026-03-02T18:08:21","slug":"stroj-kapielowy-jednoczesciowy-42-xl-khaki","status":"publish","type":"product","link":"https:\/\/butikasia.pl\/?product=stroj-kapielowy-jednoczesciowy-42-xl-khaki","title":{"rendered":"Str\u00f3j k\u0105pielowy jednocz\u0119\u015bciowy 42\/XL khaki"},"content":{"rendered":"<p>\ud83c\udfd6Str\u00f3j k\u0105pielowy CIOVO\ud83c\udfdc\ud83c\udfdc<\/p>\n<p>*r.42<\/p>\n<p>*cena:169,-<\/p>\n<p>*jednocz\u0119\u015bciowy<\/p>\n<p>*kolor:khaki\/oliwkowy<\/p>\n<p>*efekt push-up<\/p>\n<p>*posiada wyci\u0105gane wk\u0142adki<\/p>\n<p>#strojjednoczesciowy #butikasia<\/p>\n","protected":false},"excerpt":{"rendered":"<p>\ud83c\udfd6Str\u00f3j k\u0105pielowy CIOVO\ud83c\udfdc\ud83c\udfdc *r.42 *cena:169,- *jednocz\u0119\u015bciowy *kolor:khaki\/oliwkowy *efekt push-up *posiada wyci\u0105gane wk\u0142adki #strojjednoczesciowy #butikasia<\/p>\n","protected":false},"featured_media":3337,"comment_status":"open","ping_status":"closed","template":"","meta":[],"etheme_brands":[],"product_brand":[],"product_cat":[61,64,104,60],"product_tag":[],"class_list":{"0":"post-3332","1":"product","2":"type-product","3":"status-publish","4":"has-post-thumbnail","6":"product_cat-jednoczesciowe","7":"product_cat-moda-plazowa","8":"product_cat-nowosci","9":"product_cat-stroje-kapielowe","11":"first","12":"instock","13":"shipping-taxable","14":"purchasable","15":"product-type-simple"},"_links":{"self":[{"href":"https:\/\/butikasia.pl\/index.php?rest_route=\/wp\/v2\/product\/3332","targetHints":{"allow":["GET"]}}],"collection":[{"href":"https:\/\/butikasia.pl\/index.php?rest_route=\/wp\/v2\/product"}],"about":[{"href":"https:\/\/butikasia.pl\/index.php?rest_route=\/wp\/v2\/types\/product"}],"replies":[{"embeddable":true,"href":"https:\/\/butikasia.pl\/index.php?rest_route=%2Fwp%2Fv2%2Fcomments&post=3332"}],"version-history":[{"count":1,"href":"https:\/\/butikasia.pl\/index.php?rest_route=\/wp\/v2\/product\/3332\/revisions"}],"predecessor-version":[{"id":3341,"href":"https:\/\/butikasia.pl\/index.php?rest_route=\/wp\/v2\/product\/3332\/revisions\/3341"}],"wp:featuredmedia":[{"embeddable":true,"href":"https:\/\/butikasia.pl\/index.php?rest_route=\/wp\/v2\/media\/3337"}],"wp:attachment":[{"href":"https:\/\/butikasia.pl\/index.php?rest_route=%2Fwp%2Fv2%2Fmedia&parent=3332"}],"wp:term":[{"taxonomy":"brand","embeddable":true,"href":"https:\/\/butikasia.pl\/index.php?rest_route=%2Fwp%2Fv2%2Fetheme_brands&post=3332"},{"taxonomy":"product_brand","embeddable":true,"href":"https:\/\/butikasia.pl\/index.php?rest_route=%2Fwp%2Fv2%2Fproduct_brand&post=3332"},{"taxonomy":"product_cat","embeddable":true,"href":"https:\/\/butikasia.pl\/index.php?rest_route=%2Fwp%2Fv2%2Fproduct_cat&post=3332"},{"taxonomy":"product_tag","embeddable":true,"href":"https:\/\/butikasia.pl\/index.php?rest_route=%2Fwp%2Fv2%2Fproduct_tag&post=3332"}],"curies":[{"name":"wp","href":"https:\/\/api.w.org\/{rel}","templated":true}]}}