{"id":3365,"date":"2026-03-02T19:28:05","date_gmt":"2026-03-02T18:28:05","guid":{"rendered":"https:\/\/butikasia.pl\/?post_type=product&#038;p=3365"},"modified":"2026-03-02T19:28:05","modified_gmt":"2026-03-02T18:28:05","slug":"stroj-kapielowy-jednoczesciowy-44-46-czarny","status":"publish","type":"product","link":"https:\/\/butikasia.pl\/?product=stroj-kapielowy-jednoczesciowy-44-46-czarny","title":{"rendered":"Str\u00f3j k\u0105pielowy jednocz\u0119\u015bciowy 44\/46 czarny"},"content":{"rendered":"<p>\ud83c\udf4d\ud83c\udf49NOWO\u015a\u0106\ud83c\udf34\ud83e\udeb7<\/p>\n<p>\u25cfStr\u00f3j k\u0105pielowy MIRADOURO\u25cf<\/p>\n<p>*r.44-pasuje na 44 i 46<\/p>\n<p>*extra cena:149,-<\/p>\n<p>*kolor:czarny<\/p>\n<p>*posiada wyci\u0105gane miseczki oraz regulowane rami\u0105czka<\/p>\n<ol>\n<li>#butikasia #str\u00f3jk\u0105pielowy #str\u00f3jjednocz\u0119\u015bciowy<\/li>\n<\/ol>\n","protected":false},"excerpt":{"rendered":"<p>\ud83c\udf4d\ud83c\udf49NOWO\u015a\u0106\ud83c\udf34\ud83e\udeb7 \u25cfStr\u00f3j k\u0105pielowy MIRADOURO\u25cf *r.44-pasuje na 44 i 46 *extra cena:149,- *kolor:czarny *posiada wyci\u0105gane miseczki oraz regulowane rami\u0105czka #butikasia #str\u00f3jk\u0105pielowy #str\u00f3jjednocz\u0119\u015bciowy<\/p>\n","protected":false},"featured_media":3368,"comment_status":"open","ping_status":"closed","template":"","meta":[],"etheme_brands":[],"product_brand":[],"product_cat":[61,64,108,104,60],"product_tag":[],"class_list":{"0":"post-3365","1":"product","2":"type-product","3":"status-publish","4":"has-post-thumbnail","6":"product_cat-jednoczesciowe","7":"product_cat-moda-plazowa","8":"product_cat-moda-plus-size","9":"product_cat-nowosci","10":"product_cat-stroje-kapielowe","12":"first","13":"instock","14":"shipping-taxable","15":"purchasable","16":"product-type-simple"},"_links":{"self":[{"href":"https:\/\/butikasia.pl\/index.php?rest_route=\/wp\/v2\/product\/3365","targetHints":{"allow":["GET"]}}],"collection":[{"href":"https:\/\/butikasia.pl\/index.php?rest_route=\/wp\/v2\/product"}],"about":[{"href":"https:\/\/butikasia.pl\/index.php?rest_route=\/wp\/v2\/types\/product"}],"replies":[{"embeddable":true,"href":"https:\/\/butikasia.pl\/index.php?rest_route=%2Fwp%2Fv2%2Fcomments&post=3365"}],"version-history":[{"count":1,"href":"https:\/\/butikasia.pl\/index.php?rest_route=\/wp\/v2\/product\/3365\/revisions"}],"predecessor-version":[{"id":3369,"href":"https:\/\/butikasia.pl\/index.php?rest_route=\/wp\/v2\/product\/3365\/revisions\/3369"}],"wp:featuredmedia":[{"embeddable":true,"href":"https:\/\/butikasia.pl\/index.php?rest_route=\/wp\/v2\/media\/3368"}],"wp:attachment":[{"href":"https:\/\/butikasia.pl\/index.php?rest_route=%2Fwp%2Fv2%2Fmedia&parent=3365"}],"wp:term":[{"taxonomy":"brand","embeddable":true,"href":"https:\/\/butikasia.pl\/index.php?rest_route=%2Fwp%2Fv2%2Fetheme_brands&post=3365"},{"taxonomy":"product_brand","embeddable":true,"href":"https:\/\/butikasia.pl\/index.php?rest_route=%2Fwp%2Fv2%2Fproduct_brand&post=3365"},{"taxonomy":"product_cat","embeddable":true,"href":"https:\/\/butikasia.pl\/index.php?rest_route=%2Fwp%2Fv2%2Fproduct_cat&post=3365"},{"taxonomy":"product_tag","embeddable":true,"href":"https:\/\/butikasia.pl\/index.php?rest_route=%2Fwp%2Fv2%2Fproduct_tag&post=3365"}],"curies":[{"name":"wp","href":"https:\/\/api.w.org\/{rel}","templated":true}]}}