{"id":3392,"date":"2026-03-02T19:55:05","date_gmt":"2026-03-02T18:55:05","guid":{"rendered":"https:\/\/butikasia.pl\/?post_type=product&#038;p=3392"},"modified":"2026-03-05T10:07:20","modified_gmt":"2026-03-05T09:07:20","slug":"stroj-dwuczesciowy-czarny-38-m-44-xxl-z-wysokim-stanem","status":"publish","type":"product","link":"https:\/\/butikasia.pl\/?product=stroj-dwuczesciowy-czarny-38-m-44-xxl-z-wysokim-stanem","title":{"rendered":"Str\u00f3j dwucz\u0119\u015bciowy czarny 38\/M 44\/XXL z wysokim stanem"},"content":{"rendered":"<p>\ud83c\udf3aStr\u00f3j k\u0105pielowy EL HIERRO\ud83c\udf3a<\/p>\n<p>*r.38 oraz 44<\/p>\n<p>*cena:149,-<\/p>\n<p>*kolor:czarny<\/p>\n<p>*fabrycznie karbowany<\/p>\n<p>*elastyczny<\/p>\n<p>*posiada wyci\u0105gane poduszki<\/p>\n<p>#butikasia #strojek\u0105pielowe #bikini<\/p>\n","protected":false},"excerpt":{"rendered":"<p>\ud83c\udf3aStr\u00f3j k\u0105pielowy EL HIERRO\ud83c\udf3a *r.38 oraz 44 *cena:149,- *kolor:czarny *fabrycznie karbowany *elastyczny *posiada wyci\u0105gane poduszki #butikasia #strojek\u0105pielowe #bikini<\/p>\n","protected":false},"featured_media":3395,"comment_status":"open","ping_status":"closed","template":"","meta":[],"etheme_brands":[],"product_brand":[],"product_cat":[62,64,108,104,60],"product_tag":[],"class_list":{"0":"post-3392","1":"product","2":"type-product","3":"status-publish","4":"has-post-thumbnail","6":"product_cat-dwuczesciowe","7":"product_cat-moda-plazowa","8":"product_cat-moda-plus-size","9":"product_cat-nowosci","10":"product_cat-stroje-kapielowe","12":"first","13":"instock","14":"shipping-taxable","15":"purchasable","16":"product-type-variable","17":"has-default-attributes"},"_links":{"self":[{"href":"https:\/\/butikasia.pl\/index.php?rest_route=\/wp\/v2\/product\/3392","targetHints":{"allow":["GET"]}}],"collection":[{"href":"https:\/\/butikasia.pl\/index.php?rest_route=\/wp\/v2\/product"}],"about":[{"href":"https:\/\/butikasia.pl\/index.php?rest_route=\/wp\/v2\/types\/product"}],"replies":[{"embeddable":true,"href":"https:\/\/butikasia.pl\/index.php?rest_route=%2Fwp%2Fv2%2Fcomments&post=3392"}],"version-history":[{"count":1,"href":"https:\/\/butikasia.pl\/index.php?rest_route=\/wp\/v2\/product\/3392\/revisions"}],"predecessor-version":[{"id":3401,"href":"https:\/\/butikasia.pl\/index.php?rest_route=\/wp\/v2\/product\/3392\/revisions\/3401"}],"wp:featuredmedia":[{"embeddable":true,"href":"https:\/\/butikasia.pl\/index.php?rest_route=\/wp\/v2\/media\/3395"}],"wp:attachment":[{"href":"https:\/\/butikasia.pl\/index.php?rest_route=%2Fwp%2Fv2%2Fmedia&parent=3392"}],"wp:term":[{"taxonomy":"brand","embeddable":true,"href":"https:\/\/butikasia.pl\/index.php?rest_route=%2Fwp%2Fv2%2Fetheme_brands&post=3392"},{"taxonomy":"product_brand","embeddable":true,"href":"https:\/\/butikasia.pl\/index.php?rest_route=%2Fwp%2Fv2%2Fproduct_brand&post=3392"},{"taxonomy":"product_cat","embeddable":true,"href":"https:\/\/butikasia.pl\/index.php?rest_route=%2Fwp%2Fv2%2Fproduct_cat&post=3392"},{"taxonomy":"product_tag","embeddable":true,"href":"https:\/\/butikasia.pl\/index.php?rest_route=%2Fwp%2Fv2%2Fproduct_tag&post=3392"}],"curies":[{"name":"wp","href":"https:\/\/api.w.org\/{rel}","templated":true}]}}