{"id":3447,"date":"2026-03-02T20:34:44","date_gmt":"2026-03-02T19:34:44","guid":{"rendered":"https:\/\/butikasia.pl\/?post_type=product&#038;p=3447"},"modified":"2026-03-02T20:34:44","modified_gmt":"2026-03-02T19:34:44","slug":"stroj-kapielowy-dwuczesciowy-34-36-paski-kwiatki","status":"publish","type":"product","link":"https:\/\/butikasia.pl\/?product=stroj-kapielowy-dwuczesciowy-34-36-paski-kwiatki","title":{"rendered":"Str\u00f3j k\u0105pielowy dwucz\u0119\u015bciowy 34\/36 paski kwiatki"},"content":{"rendered":"<p>\ud83c\udf52\ud83c\udf53Str\u00f3j k\u0105pielowy MOOREA\ud83e\uded2\ud83c\udf4d\ud83c\udf52<\/p>\n<p>*r.36-pasuje na 34 i 36<\/p>\n<p>*cena:169,-<\/p>\n<p>*posiada dwustronne majtki-mog\u0105 by\u0107 w kwiaty lub paseczki<\/p>\n<p>#butikasia #str\u00f3jk\u0105pielowy #bikini #urlop<\/p>\n","protected":false},"excerpt":{"rendered":"<p>\ud83c\udf52\ud83c\udf53Str\u00f3j k\u0105pielowy MOOREA\ud83e\uded2\ud83c\udf4d\ud83c\udf52 *r.36-pasuje na 34 i 36 *cena:169,- *posiada dwustronne majtki-mog\u0105 by\u0107 w kwiaty lub paseczki #butikasia #str\u00f3jk\u0105pielowy #bikini #urlop<\/p>\n","protected":false},"featured_media":3451,"comment_status":"open","ping_status":"closed","template":"","meta":[],"etheme_brands":[],"product_brand":[],"product_cat":[62,64,104,60],"product_tag":[],"class_list":{"0":"post-3447","1":"product","2":"type-product","3":"status-publish","4":"has-post-thumbnail","6":"product_cat-dwuczesciowe","7":"product_cat-moda-plazowa","8":"product_cat-nowosci","9":"product_cat-stroje-kapielowe","11":"first","12":"instock","13":"shipping-taxable","14":"purchasable","15":"product-type-simple"},"_links":{"self":[{"href":"https:\/\/butikasia.pl\/index.php?rest_route=\/wp\/v2\/product\/3447","targetHints":{"allow":["GET"]}}],"collection":[{"href":"https:\/\/butikasia.pl\/index.php?rest_route=\/wp\/v2\/product"}],"about":[{"href":"https:\/\/butikasia.pl\/index.php?rest_route=\/wp\/v2\/types\/product"}],"replies":[{"embeddable":true,"href":"https:\/\/butikasia.pl\/index.php?rest_route=%2Fwp%2Fv2%2Fcomments&post=3447"}],"version-history":[{"count":1,"href":"https:\/\/butikasia.pl\/index.php?rest_route=\/wp\/v2\/product\/3447\/revisions"}],"predecessor-version":[{"id":3452,"href":"https:\/\/butikasia.pl\/index.php?rest_route=\/wp\/v2\/product\/3447\/revisions\/3452"}],"wp:featuredmedia":[{"embeddable":true,"href":"https:\/\/butikasia.pl\/index.php?rest_route=\/wp\/v2\/media\/3451"}],"wp:attachment":[{"href":"https:\/\/butikasia.pl\/index.php?rest_route=%2Fwp%2Fv2%2Fmedia&parent=3447"}],"wp:term":[{"taxonomy":"brand","embeddable":true,"href":"https:\/\/butikasia.pl\/index.php?rest_route=%2Fwp%2Fv2%2Fetheme_brands&post=3447"},{"taxonomy":"product_brand","embeddable":true,"href":"https:\/\/butikasia.pl\/index.php?rest_route=%2Fwp%2Fv2%2Fproduct_brand&post=3447"},{"taxonomy":"product_cat","embeddable":true,"href":"https:\/\/butikasia.pl\/index.php?rest_route=%2Fwp%2Fv2%2Fproduct_cat&post=3447"},{"taxonomy":"product_tag","embeddable":true,"href":"https:\/\/butikasia.pl\/index.php?rest_route=%2Fwp%2Fv2%2Fproduct_tag&post=3447"}],"curies":[{"name":"wp","href":"https:\/\/api.w.org\/{rel}","templated":true}]}}