{"id":3456,"date":"2026-03-02T20:40:33","date_gmt":"2026-03-02T19:40:33","guid":{"rendered":"https:\/\/butikasia.pl\/?post_type=product&#038;p=3456"},"modified":"2026-03-02T20:40:33","modified_gmt":"2026-03-02T19:40:33","slug":"stroj-kapielowy-jednoczesciowy-czarny-38-m-hania","status":"publish","type":"product","link":"https:\/\/butikasia.pl\/?product=stroj-kapielowy-jednoczesciowy-czarny-38-m-hania","title":{"rendered":"Str\u00f3j k\u0105pielowy jednocz\u0119\u015bciowy czarny 38\/M HANIA"},"content":{"rendered":"<p>\ud83c\udf34\ud83d\udda4Str\u00f3j k\u0105pielowy HANIA\ud83d\udda4\ud83c\udf34<\/p>\n<p>*r.38<\/p>\n<p>*cena:169,-<\/p>\n<p>*kolor:czarny<\/p>\n<p>*posiada usztywniane miseczki<\/p>\n<p>*mo\u017cna nosi\u0107 r\u00f3wnie\u017c jako body do spodenek,sp\u00f3dniczek,spodni<\/p>\n<p>#butikasia #str\u00f3jk\u0105pielowy<\/p>\n","protected":false},"excerpt":{"rendered":"<p>\ud83c\udf34\ud83d\udda4Str\u00f3j k\u0105pielowy HANIA\ud83d\udda4\ud83c\udf34 *r.38 *cena:169,- *kolor:czarny *posiada usztywniane miseczki *mo\u017cna nosi\u0107 r\u00f3wnie\u017c jako body do spodenek,sp\u00f3dniczek,spodni #butikasia #str\u00f3jk\u0105pielowy<\/p>\n","protected":false},"featured_media":3457,"comment_status":"open","ping_status":"closed","template":"","meta":[],"etheme_brands":[],"product_brand":[],"product_cat":[61,64,104,60],"product_tag":[],"class_list":{"0":"post-3456","1":"product","2":"type-product","3":"status-publish","4":"has-post-thumbnail","6":"product_cat-jednoczesciowe","7":"product_cat-moda-plazowa","8":"product_cat-nowosci","9":"product_cat-stroje-kapielowe","11":"first","12":"instock","13":"shipping-taxable","14":"purchasable","15":"product-type-simple"},"_links":{"self":[{"href":"https:\/\/butikasia.pl\/index.php?rest_route=\/wp\/v2\/product\/3456","targetHints":{"allow":["GET"]}}],"collection":[{"href":"https:\/\/butikasia.pl\/index.php?rest_route=\/wp\/v2\/product"}],"about":[{"href":"https:\/\/butikasia.pl\/index.php?rest_route=\/wp\/v2\/types\/product"}],"replies":[{"embeddable":true,"href":"https:\/\/butikasia.pl\/index.php?rest_route=%2Fwp%2Fv2%2Fcomments&post=3456"}],"version-history":[{"count":1,"href":"https:\/\/butikasia.pl\/index.php?rest_route=\/wp\/v2\/product\/3456\/revisions"}],"predecessor-version":[{"id":3458,"href":"https:\/\/butikasia.pl\/index.php?rest_route=\/wp\/v2\/product\/3456\/revisions\/3458"}],"wp:featuredmedia":[{"embeddable":true,"href":"https:\/\/butikasia.pl\/index.php?rest_route=\/wp\/v2\/media\/3457"}],"wp:attachment":[{"href":"https:\/\/butikasia.pl\/index.php?rest_route=%2Fwp%2Fv2%2Fmedia&parent=3456"}],"wp:term":[{"taxonomy":"brand","embeddable":true,"href":"https:\/\/butikasia.pl\/index.php?rest_route=%2Fwp%2Fv2%2Fetheme_brands&post=3456"},{"taxonomy":"product_brand","embeddable":true,"href":"https:\/\/butikasia.pl\/index.php?rest_route=%2Fwp%2Fv2%2Fproduct_brand&post=3456"},{"taxonomy":"product_cat","embeddable":true,"href":"https:\/\/butikasia.pl\/index.php?rest_route=%2Fwp%2Fv2%2Fproduct_cat&post=3456"},{"taxonomy":"product_tag","embeddable":true,"href":"https:\/\/butikasia.pl\/index.php?rest_route=%2Fwp%2Fv2%2Fproduct_tag&post=3456"}],"curies":[{"name":"wp","href":"https:\/\/api.w.org\/{rel}","templated":true}]}}