{"id":3534,"date":"2026-03-03T12:58:35","date_gmt":"2026-03-03T11:58:35","guid":{"rendered":"https:\/\/butikasia.pl\/?post_type=product&#038;p=3534"},"modified":"2026-03-03T12:58:35","modified_gmt":"2026-03-03T11:58:35","slug":"stroj-kapielowy-38-40-zolty-lissa-dwuczesciowy","status":"publish","type":"product","link":"https:\/\/butikasia.pl\/?product=stroj-kapielowy-38-40-zolty-lissa-dwuczesciowy","title":{"rendered":"Str\u00f3j k\u0105pielowy 38\/40 \u017c\u00f3\u0142ty LISSA dwucz\u0119\u015bciowy"},"content":{"rendered":"<p>\ud83c\udf4b\ud83c\udf4b\ud83c\udf4b Str\u00f3j k\u0105pielowy LISSA\ud83c\udf4b\ud83c\udf4b\ud83c\udf4b<\/p>\n<p>*r.40-pasuje na 38 oraz 40<\/p>\n<p>*cena:149,-<\/p>\n<p>*kolor:neonowy \u017c\u00f3\u0142ty (taki jak na zdj\u0119ciach na p\u0142asko )<\/p>\n<p>*posiada wyci\u0105gane poduszki<\/p>\n<p>#butikasia #str\u00f3jk\u0105pielowy<\/p>\n","protected":false},"excerpt":{"rendered":"<p>\ud83c\udf4b\ud83c\udf4b\ud83c\udf4b Str\u00f3j k\u0105pielowy LISSA\ud83c\udf4b\ud83c\udf4b\ud83c\udf4b *r.40-pasuje na 38 oraz 40 *cena:149,- *kolor:neonowy \u017c\u00f3\u0142ty (taki jak na zdj\u0119ciach na p\u0142asko ) *posiada wyci\u0105gane poduszki #butikasia #str\u00f3jk\u0105pielowy<\/p>\n","protected":false},"featured_media":3537,"comment_status":"open","ping_status":"closed","template":"","meta":[],"etheme_brands":[],"product_brand":[],"product_cat":[62,64,104,60,106],"product_tag":[],"class_list":{"0":"post-3534","1":"product","2":"type-product","3":"status-publish","4":"has-post-thumbnail","6":"product_cat-dwuczesciowe","7":"product_cat-moda-plazowa","8":"product_cat-nowosci","9":"product_cat-stroje-kapielowe","10":"product_cat-wyprzedaz","12":"first","13":"instock","14":"sale","15":"shipping-taxable","16":"purchasable","17":"product-type-simple"},"_links":{"self":[{"href":"https:\/\/butikasia.pl\/index.php?rest_route=\/wp\/v2\/product\/3534","targetHints":{"allow":["GET"]}}],"collection":[{"href":"https:\/\/butikasia.pl\/index.php?rest_route=\/wp\/v2\/product"}],"about":[{"href":"https:\/\/butikasia.pl\/index.php?rest_route=\/wp\/v2\/types\/product"}],"replies":[{"embeddable":true,"href":"https:\/\/butikasia.pl\/index.php?rest_route=%2Fwp%2Fv2%2Fcomments&post=3534"}],"version-history":[{"count":1,"href":"https:\/\/butikasia.pl\/index.php?rest_route=\/wp\/v2\/product\/3534\/revisions"}],"predecessor-version":[{"id":3538,"href":"https:\/\/butikasia.pl\/index.php?rest_route=\/wp\/v2\/product\/3534\/revisions\/3538"}],"wp:featuredmedia":[{"embeddable":true,"href":"https:\/\/butikasia.pl\/index.php?rest_route=\/wp\/v2\/media\/3537"}],"wp:attachment":[{"href":"https:\/\/butikasia.pl\/index.php?rest_route=%2Fwp%2Fv2%2Fmedia&parent=3534"}],"wp:term":[{"taxonomy":"brand","embeddable":true,"href":"https:\/\/butikasia.pl\/index.php?rest_route=%2Fwp%2Fv2%2Fetheme_brands&post=3534"},{"taxonomy":"product_brand","embeddable":true,"href":"https:\/\/butikasia.pl\/index.php?rest_route=%2Fwp%2Fv2%2Fproduct_brand&post=3534"},{"taxonomy":"product_cat","embeddable":true,"href":"https:\/\/butikasia.pl\/index.php?rest_route=%2Fwp%2Fv2%2Fproduct_cat&post=3534"},{"taxonomy":"product_tag","embeddable":true,"href":"https:\/\/butikasia.pl\/index.php?rest_route=%2Fwp%2Fv2%2Fproduct_tag&post=3534"}],"curies":[{"name":"wp","href":"https:\/\/api.w.org\/{rel}","templated":true}]}}