{"id":3539,"date":"2026-03-03T13:31:38","date_gmt":"2026-03-03T12:31:38","guid":{"rendered":"https:\/\/butikasia.pl\/?post_type=product&#038;p=3539"},"modified":"2026-03-03T13:31:38","modified_gmt":"2026-03-03T12:31:38","slug":"stroj-kapielowy-jednoczesciowy-monokini-40-42","status":"publish","type":"product","link":"https:\/\/butikasia.pl\/?product=stroj-kapielowy-jednoczesciowy-monokini-40-42","title":{"rendered":"Str\u00f3j k\u0105pielowy jednocz\u0119\u015bciowy monokini 40\/42"},"content":{"rendered":"<p>\ud83c\udf51\ud83c\udf4a\ud83e\udd65Str\u00f3j k\u0105pielowy BASILUZZO\ud83c\udf51<\/p>\n<p>*r.42 -pasuje na 40\/42<\/p>\n<p>*cena:119,-<\/p>\n<p>*g\u00f3ra w kolorze czarnym,d\u00f3\u0142 w li\u015bcie<\/p>\n<p>*posiada wyjmowane wkladki<\/p>\n<p>#butikasia #Str\u00f3jjednocz\u0119\u015bciowy<\/p>\n","protected":false},"excerpt":{"rendered":"<p>\ud83c\udf51\ud83c\udf4a\ud83e\udd65Str\u00f3j k\u0105pielowy BASILUZZO\ud83c\udf51 *r.42 -pasuje na 40\/42 *cena:119,- *g\u00f3ra w kolorze czarnym,d\u00f3\u0142 w li\u015bcie *posiada wyjmowane wkladki #butikasia #Str\u00f3jjednocz\u0119\u015bciowy<\/p>\n","protected":false},"featured_media":3540,"comment_status":"open","ping_status":"closed","template":"","meta":[],"etheme_brands":[],"product_brand":[],"product_cat":[61,63,64,104,60],"product_tag":[],"class_list":{"0":"post-3539","1":"product","2":"type-product","3":"status-publish","4":"has-post-thumbnail","6":"product_cat-jednoczesciowe","7":"product_cat-monokini-i-tankini","8":"product_cat-moda-plazowa","9":"product_cat-nowosci","10":"product_cat-stroje-kapielowe","12":"first","13":"instock","14":"shipping-taxable","15":"purchasable","16":"product-type-simple"},"_links":{"self":[{"href":"https:\/\/butikasia.pl\/index.php?rest_route=\/wp\/v2\/product\/3539","targetHints":{"allow":["GET"]}}],"collection":[{"href":"https:\/\/butikasia.pl\/index.php?rest_route=\/wp\/v2\/product"}],"about":[{"href":"https:\/\/butikasia.pl\/index.php?rest_route=\/wp\/v2\/types\/product"}],"replies":[{"embeddable":true,"href":"https:\/\/butikasia.pl\/index.php?rest_route=%2Fwp%2Fv2%2Fcomments&post=3539"}],"version-history":[{"count":1,"href":"https:\/\/butikasia.pl\/index.php?rest_route=\/wp\/v2\/product\/3539\/revisions"}],"predecessor-version":[{"id":3541,"href":"https:\/\/butikasia.pl\/index.php?rest_route=\/wp\/v2\/product\/3539\/revisions\/3541"}],"wp:featuredmedia":[{"embeddable":true,"href":"https:\/\/butikasia.pl\/index.php?rest_route=\/wp\/v2\/media\/3540"}],"wp:attachment":[{"href":"https:\/\/butikasia.pl\/index.php?rest_route=%2Fwp%2Fv2%2Fmedia&parent=3539"}],"wp:term":[{"taxonomy":"brand","embeddable":true,"href":"https:\/\/butikasia.pl\/index.php?rest_route=%2Fwp%2Fv2%2Fetheme_brands&post=3539"},{"taxonomy":"product_brand","embeddable":true,"href":"https:\/\/butikasia.pl\/index.php?rest_route=%2Fwp%2Fv2%2Fproduct_brand&post=3539"},{"taxonomy":"product_cat","embeddable":true,"href":"https:\/\/butikasia.pl\/index.php?rest_route=%2Fwp%2Fv2%2Fproduct_cat&post=3539"},{"taxonomy":"product_tag","embeddable":true,"href":"https:\/\/butikasia.pl\/index.php?rest_route=%2Fwp%2Fv2%2Fproduct_tag&post=3539"}],"curies":[{"name":"wp","href":"https:\/\/api.w.org\/{rel}","templated":true}]}}