{"id":3567,"date":"2026-03-03T21:20:11","date_gmt":"2026-03-03T20:20:11","guid":{"rendered":"https:\/\/butikasia.pl\/?post_type=product&#038;p=3567"},"modified":"2026-03-03T21:20:11","modified_gmt":"2026-03-03T20:20:11","slug":"stroj-kapielowy-dwuczesciowy-czarny-36-s","status":"publish","type":"product","link":"https:\/\/butikasia.pl\/?product=stroj-kapielowy-dwuczesciowy-czarny-36-s","title":{"rendered":"Str\u00f3j k\u0105pielowy dwucz\u0119\u015bciowy czarny 36\/S"},"content":{"rendered":"<p>\ud83d\udda4\ud83e\udd65\ud83c\udf49Str\u00f3j PERETTO\ud83d\udda4\ud83e\udd65\ud83c\udf49<\/p>\n<p>*r.36<\/p>\n<p>*cena:119,- teraz tylko 79,-<\/p>\n<p>*pr\u0105\u017ckowany<\/p>\n<p>*posiada wyci\u0105gane wk\u0142adki<\/p>\n<p>#butikasia #strojk\u0105pielowy<\/p>\n","protected":false},"excerpt":{"rendered":"<p>\ud83d\udda4\ud83e\udd65\ud83c\udf49Str\u00f3j PERETTO\ud83d\udda4\ud83e\udd65\ud83c\udf49 *r.36 *cena:119,- teraz tylko 79,- *pr\u0105\u017ckowany *posiada wyci\u0105gane wk\u0142adki #butikasia #strojk\u0105pielowy<\/p>\n","protected":false},"featured_media":3635,"comment_status":"open","ping_status":"closed","template":"","meta":[],"etheme_brands":[],"product_brand":[],"product_cat":[62,64,104,60,106],"product_tag":[],"class_list":{"0":"post-3567","1":"product","2":"type-product","3":"status-publish","4":"has-post-thumbnail","6":"product_cat-dwuczesciowe","7":"product_cat-moda-plazowa","8":"product_cat-nowosci","9":"product_cat-stroje-kapielowe","10":"product_cat-wyprzedaz","12":"first","13":"instock","14":"sale","15":"shipping-taxable","16":"purchasable","17":"product-type-simple"},"_links":{"self":[{"href":"https:\/\/butikasia.pl\/index.php?rest_route=\/wp\/v2\/product\/3567","targetHints":{"allow":["GET"]}}],"collection":[{"href":"https:\/\/butikasia.pl\/index.php?rest_route=\/wp\/v2\/product"}],"about":[{"href":"https:\/\/butikasia.pl\/index.php?rest_route=\/wp\/v2\/types\/product"}],"replies":[{"embeddable":true,"href":"https:\/\/butikasia.pl\/index.php?rest_route=%2Fwp%2Fv2%2Fcomments&post=3567"}],"version-history":[{"count":1,"href":"https:\/\/butikasia.pl\/index.php?rest_route=\/wp\/v2\/product\/3567\/revisions"}],"predecessor-version":[{"id":3636,"href":"https:\/\/butikasia.pl\/index.php?rest_route=\/wp\/v2\/product\/3567\/revisions\/3636"}],"wp:featuredmedia":[{"embeddable":true,"href":"https:\/\/butikasia.pl\/index.php?rest_route=\/wp\/v2\/media\/3635"}],"wp:attachment":[{"href":"https:\/\/butikasia.pl\/index.php?rest_route=%2Fwp%2Fv2%2Fmedia&parent=3567"}],"wp:term":[{"taxonomy":"brand","embeddable":true,"href":"https:\/\/butikasia.pl\/index.php?rest_route=%2Fwp%2Fv2%2Fetheme_brands&post=3567"},{"taxonomy":"product_brand","embeddable":true,"href":"https:\/\/butikasia.pl\/index.php?rest_route=%2Fwp%2Fv2%2Fproduct_brand&post=3567"},{"taxonomy":"product_cat","embeddable":true,"href":"https:\/\/butikasia.pl\/index.php?rest_route=%2Fwp%2Fv2%2Fproduct_cat&post=3567"},{"taxonomy":"product_tag","embeddable":true,"href":"https:\/\/butikasia.pl\/index.php?rest_route=%2Fwp%2Fv2%2Fproduct_tag&post=3567"}],"curies":[{"name":"wp","href":"https:\/\/api.w.org\/{rel}","templated":true}]}}