{"id":3920,"date":"2026-03-08T21:59:49","date_gmt":"2026-03-08T20:59:49","guid":{"rendered":"https:\/\/butikasia.pl\/?post_type=product&#038;p=3920"},"modified":"2026-03-08T22:02:14","modified_gmt":"2026-03-08T21:02:14","slug":"sukienka-czerwona-36-38-38-40-amoura-marszczona","status":"publish","type":"product","link":"https:\/\/butikasia.pl\/?product=sukienka-czerwona-36-38-38-40-amoura-marszczona","title":{"rendered":"Sukienka czerwona 36\/38 38\/40  AMOURA marszczona"},"content":{"rendered":"<p>\u2764\ufe0f\u25cfSukienka AMOURA\u25cf\u2764\ufe0f<\/p>\n<p>*r.38 oraz 40<\/p>\n<p>(Wypadaj\u0105 o p\u00f3\u0142 rozmiaru mniejsze ni\u017c rozmiar z metki )<\/p>\n<p>*cena:199,-<\/p>\n<p>*kolor:czerwony<\/p>\n<p>*posiada marszczenie z przodu i z ty\u0142u<\/p>\n<p>*r\u0119kawki na dole poszerzane<\/p>\n<p>*\u015bwietny materia\u0142<\/p>\n<p>*polski producent<\/p>\n<p>*dost\u0119pne r\u00f3wnie\u017c inne kolory<\/p>\n<p>#butikasia #sukienki #sukienkiczerwone #sukienkimarszczone<\/p>\n","protected":false},"excerpt":{"rendered":"<p>\u2764\ufe0f\u25cfSukienka AMOURA\u25cf\u2764\ufe0f *r.38 oraz 40 (Wypadaj\u0105 o p\u00f3\u0142 rozmiaru mniejsze ni\u017c rozmiar z metki ) *cena:199,- *kolor:czerwony *posiada marszczenie z przodu i z ty\u0142u *r\u0119kawki&#8230;<\/p>\n","protected":false},"featured_media":3922,"comment_status":"open","ping_status":"closed","template":"","meta":[],"etheme_brands":[],"product_brand":[],"product_cat":[115,116,112,104,107,109],"product_tag":[],"class_list":{"0":"post-3920","1":"product","2":"type-product","3":"status-publish","4":"has-post-thumbnail","6":"product_cat-sukienki-codzienne","7":"product_cat-sukienki-dopasowane","8":"product_cat-sukienki-krotkie","9":"product_cat-nowosci","10":"product_cat-polscy-producenci","11":"product_cat-sukienki","13":"first","14":"instock","15":"shipping-taxable","16":"purchasable","17":"product-type-variable","18":"has-default-attributes"},"_links":{"self":[{"href":"https:\/\/butikasia.pl\/index.php?rest_route=\/wp\/v2\/product\/3920","targetHints":{"allow":["GET"]}}],"collection":[{"href":"https:\/\/butikasia.pl\/index.php?rest_route=\/wp\/v2\/product"}],"about":[{"href":"https:\/\/butikasia.pl\/index.php?rest_route=\/wp\/v2\/types\/product"}],"replies":[{"embeddable":true,"href":"https:\/\/butikasia.pl\/index.php?rest_route=%2Fwp%2Fv2%2Fcomments&post=3920"}],"version-history":[{"count":1,"href":"https:\/\/butikasia.pl\/index.php?rest_route=\/wp\/v2\/product\/3920\/revisions"}],"predecessor-version":[{"id":3925,"href":"https:\/\/butikasia.pl\/index.php?rest_route=\/wp\/v2\/product\/3920\/revisions\/3925"}],"wp:featuredmedia":[{"embeddable":true,"href":"https:\/\/butikasia.pl\/index.php?rest_route=\/wp\/v2\/media\/3922"}],"wp:attachment":[{"href":"https:\/\/butikasia.pl\/index.php?rest_route=%2Fwp%2Fv2%2Fmedia&parent=3920"}],"wp:term":[{"taxonomy":"brand","embeddable":true,"href":"https:\/\/butikasia.pl\/index.php?rest_route=%2Fwp%2Fv2%2Fetheme_brands&post=3920"},{"taxonomy":"product_brand","embeddable":true,"href":"https:\/\/butikasia.pl\/index.php?rest_route=%2Fwp%2Fv2%2Fproduct_brand&post=3920"},{"taxonomy":"product_cat","embeddable":true,"href":"https:\/\/butikasia.pl\/index.php?rest_route=%2Fwp%2Fv2%2Fproduct_cat&post=3920"},{"taxonomy":"product_tag","embeddable":true,"href":"https:\/\/butikasia.pl\/index.php?rest_route=%2Fwp%2Fv2%2Fproduct_tag&post=3920"}],"curies":[{"name":"wp","href":"https:\/\/api.w.org\/{rel}","templated":true}]}}