{"id":3964,"date":"2026-03-09T21:26:42","date_gmt":"2026-03-09T20:26:42","guid":{"rendered":"https:\/\/butikasia.pl\/?post_type=product&#038;p=3964"},"modified":"2026-03-09T21:27:57","modified_gmt":"2026-03-09T20:27:57","slug":"komplet-anedissi-36-38-40-42-44-rozowy","status":"publish","type":"product","link":"https:\/\/butikasia.pl\/?product=komplet-anedissi-36-38-40-42-44-rozowy","title":{"rendered":"Komplet ANEDISSI 36 38 40 42 44 r\u00f3\u017cowy"},"content":{"rendered":"<p>\ud83e\ude77\ud83e\ude77\ud83e\ude77KOMPLET ANEDISSI\ud83e\ude77\ud83e\ude77\ud83e\ude77<\/p>\n<p>*r.1-pasuje na 36,38,40<\/p>\n<p>*r.2-pasuje na 40,42,44<\/p>\n<p>*cena:269,-<\/p>\n<p>*kolor:pastelowy r\u00f3\u017c<\/p>\n<p>*ca\u0142y w wyt\u0142aczany wz\u00f3r<\/p>\n<p>*polski producent<\/p>\n<p>#butikasia #komplet #kompletdamski #set<\/p>\n","protected":false},"excerpt":{"rendered":"<p>\ud83e\ude77\ud83e\ude77\ud83e\ude77KOMPLET ANEDISSI\ud83e\ude77\ud83e\ude77\ud83e\ude77 *r.1-pasuje na 36,38,40 *r.2-pasuje na 40,42,44 *cena:269,- *kolor:pastelowy r\u00f3\u017c *ca\u0142y w wyt\u0142aczany wz\u00f3r *polski producent #butikasia #komplet #kompletdamski #set<\/p>\n","protected":false},"featured_media":3967,"comment_status":"open","ping_status":"closed","template":"","meta":[],"etheme_brands":[],"product_brand":[],"product_cat":[90,46,108,104,107],"product_tag":[],"class_list":{"0":"post-3964","1":"product","2":"type-product","3":"status-publish","4":"has-post-thumbnail","6":"product_cat-kolekcja-wiosenna","7":"product_cat-komplety","8":"product_cat-moda-plus-size","9":"product_cat-nowosci","10":"product_cat-polscy-producenci","12":"first","13":"instock","14":"shipping-taxable","15":"purchasable","16":"product-type-variable","17":"has-default-attributes"},"_links":{"self":[{"href":"https:\/\/butikasia.pl\/index.php?rest_route=\/wp\/v2\/product\/3964","targetHints":{"allow":["GET"]}}],"collection":[{"href":"https:\/\/butikasia.pl\/index.php?rest_route=\/wp\/v2\/product"}],"about":[{"href":"https:\/\/butikasia.pl\/index.php?rest_route=\/wp\/v2\/types\/product"}],"replies":[{"embeddable":true,"href":"https:\/\/butikasia.pl\/index.php?rest_route=%2Fwp%2Fv2%2Fcomments&post=3964"}],"version-history":[{"count":1,"href":"https:\/\/butikasia.pl\/index.php?rest_route=\/wp\/v2\/product\/3964\/revisions"}],"predecessor-version":[{"id":3970,"href":"https:\/\/butikasia.pl\/index.php?rest_route=\/wp\/v2\/product\/3964\/revisions\/3970"}],"wp:featuredmedia":[{"embeddable":true,"href":"https:\/\/butikasia.pl\/index.php?rest_route=\/wp\/v2\/media\/3967"}],"wp:attachment":[{"href":"https:\/\/butikasia.pl\/index.php?rest_route=%2Fwp%2Fv2%2Fmedia&parent=3964"}],"wp:term":[{"taxonomy":"brand","embeddable":true,"href":"https:\/\/butikasia.pl\/index.php?rest_route=%2Fwp%2Fv2%2Fetheme_brands&post=3964"},{"taxonomy":"product_brand","embeddable":true,"href":"https:\/\/butikasia.pl\/index.php?rest_route=%2Fwp%2Fv2%2Fproduct_brand&post=3964"},{"taxonomy":"product_cat","embeddable":true,"href":"https:\/\/butikasia.pl\/index.php?rest_route=%2Fwp%2Fv2%2Fproduct_cat&post=3964"},{"taxonomy":"product_tag","embeddable":true,"href":"https:\/\/butikasia.pl\/index.php?rest_route=%2Fwp%2Fv2%2Fproduct_tag&post=3964"}],"curies":[{"name":"wp","href":"https:\/\/api.w.org\/{rel}","templated":true}]}}