{"id":3981,"date":"2026-03-09T23:01:59","date_gmt":"2026-03-09T22:01:59","guid":{"rendered":"https:\/\/butikasia.pl\/?post_type=product&#038;p=3981"},"modified":"2026-03-09T23:01:59","modified_gmt":"2026-03-09T22:01:59","slug":"spodnico-spodenki-nesti-38-m-czarne-skora-eko","status":"publish","type":"product","link":"https:\/\/butikasia.pl\/?product=spodnico-spodenki-nesti-38-m-czarne-skora-eko","title":{"rendered":"Sp\u00f3dnico-spodenki NESTI 38\/M czarne sk\u00f3ra eko"},"content":{"rendered":"<p>\ud83d\udda4\ud83e\ude77Sp\u00f3dnico-spodenki NESTI\ud83e\ude77\ud83d\udda4*r.38<\/p>\n<p>*cena:139,-<\/p>\n<p>*kolor:czarny<\/p>\n<p>*uszyte z wysokiej jako\u015bci sk\u00f3ry eko<\/p>\n<p>*z tylu spodenki,z przodu sp\u00f3dniczka<\/p>\n<p>*polski producent<\/p>\n<p>#butikasia #Sp\u00f3dniczka #spodenki #nowo\u015b\u0107<\/p>\n","protected":false},"excerpt":{"rendered":"<p>\ud83d\udda4\ud83e\ude77Sp\u00f3dnico-spodenki NESTI\ud83e\ude77\ud83d\udda4*r.38 *cena:139,- *kolor:czarny *uszyte z wysokiej jako\u015bci sk\u00f3ry eko *z tylu spodenki,z przodu sp\u00f3dniczka *polski producent #butikasia #Sp\u00f3dniczka #spodenki #nowo\u015b\u0107<\/p>\n","protected":false},"featured_media":3991,"comment_status":"open","ping_status":"closed","template":"","meta":[],"etheme_brands":[],"product_brand":[],"product_cat":[104,107,56,53],"product_tag":[],"class_list":{"0":"post-3981","1":"product","2":"type-product","3":"status-publish","4":"has-post-thumbnail","6":"product_cat-nowosci","7":"product_cat-polscy-producenci","8":"product_cat-spodenki","9":"product_cat-spodnice","11":"first","12":"instock","13":"shipping-taxable","14":"purchasable","15":"product-type-simple"},"_links":{"self":[{"href":"https:\/\/butikasia.pl\/index.php?rest_route=\/wp\/v2\/product\/3981","targetHints":{"allow":["GET"]}}],"collection":[{"href":"https:\/\/butikasia.pl\/index.php?rest_route=\/wp\/v2\/product"}],"about":[{"href":"https:\/\/butikasia.pl\/index.php?rest_route=\/wp\/v2\/types\/product"}],"replies":[{"embeddable":true,"href":"https:\/\/butikasia.pl\/index.php?rest_route=%2Fwp%2Fv2%2Fcomments&post=3981"}],"version-history":[{"count":1,"href":"https:\/\/butikasia.pl\/index.php?rest_route=\/wp\/v2\/product\/3981\/revisions"}],"predecessor-version":[{"id":3993,"href":"https:\/\/butikasia.pl\/index.php?rest_route=\/wp\/v2\/product\/3981\/revisions\/3993"}],"wp:featuredmedia":[{"embeddable":true,"href":"https:\/\/butikasia.pl\/index.php?rest_route=\/wp\/v2\/media\/3991"}],"wp:attachment":[{"href":"https:\/\/butikasia.pl\/index.php?rest_route=%2Fwp%2Fv2%2Fmedia&parent=3981"}],"wp:term":[{"taxonomy":"brand","embeddable":true,"href":"https:\/\/butikasia.pl\/index.php?rest_route=%2Fwp%2Fv2%2Fetheme_brands&post=3981"},{"taxonomy":"product_brand","embeddable":true,"href":"https:\/\/butikasia.pl\/index.php?rest_route=%2Fwp%2Fv2%2Fproduct_brand&post=3981"},{"taxonomy":"product_cat","embeddable":true,"href":"https:\/\/butikasia.pl\/index.php?rest_route=%2Fwp%2Fv2%2Fproduct_cat&post=3981"},{"taxonomy":"product_tag","embeddable":true,"href":"https:\/\/butikasia.pl\/index.php?rest_route=%2Fwp%2Fv2%2Fproduct_tag&post=3981"}],"curies":[{"name":"wp","href":"https:\/\/api.w.org\/{rel}","templated":true}]}}