{"id":4013,"date":"2026-03-16T21:47:10","date_gmt":"2026-03-16T20:47:10","guid":{"rendered":"https:\/\/butikasia.pl\/?post_type=product&#038;p=4013"},"modified":"2026-03-16T21:47:46","modified_gmt":"2026-03-16T20:47:46","slug":"kombinezon-czerwony-angel-38-m-hiszpanka-elegancki","status":"publish","type":"product","link":"https:\/\/butikasia.pl\/?product=kombinezon-czerwony-angel-38-m-hiszpanka-elegancki","title":{"rendered":"Kombinezon czerwony ANGEL 38\/M hiszpanka elegancki"},"content":{"rendered":"<p>\u2728\ufe0f\u2764\ufe0f\u2728\ufe0fKombinezon ANGEL\u2728\u2764\ufe0f\ufe0f\u2728\ufe0f<\/p>\n<p>*38<\/p>\n<p>*cena:299,-<\/p>\n<p>*kolor:czerwony<\/p>\n<p>*posiada dwie kieszenie<\/p>\n<p>*z ty\u0142u zapinany na zamek<\/p>\n<p>*polski producent<\/p>\n<p>*dost\u0119pne r\u00f3wnie\u017c inne kolory w rozmiarach od 34 do 40<\/p>\n<p>#butikasia #kombinezon #kombinezonczerwony<\/p>\n","protected":false},"excerpt":{"rendered":"<p>\u2728\ufe0f\u2764\ufe0f\u2728\ufe0fKombinezon ANGEL\u2728\u2764\ufe0f\ufe0f\u2728\ufe0f *38 *cena:299,- *kolor:czerwony *posiada dwie kieszenie *z ty\u0142u zapinany na zamek *polski producent *dost\u0119pne r\u00f3wnie\u017c inne kolory w rozmiarach od 34 do 40&#8230;<\/p>\n","protected":false},"featured_media":3987,"comment_status":"closed","ping_status":"closed","template":"","meta":[],"etheme_brands":[],"product_brand":[],"product_cat":[90,47,104,107],"product_tag":[],"class_list":{"0":"post-4013","1":"product","2":"type-product","3":"status-publish","4":"has-post-thumbnail","6":"product_cat-kolekcja-wiosenna","7":"product_cat-kombinezony","8":"product_cat-nowosci","9":"product_cat-polscy-producenci","11":"first","12":"instock","13":"shipping-taxable","14":"purchasable","15":"product-type-simple"},"_links":{"self":[{"href":"https:\/\/butikasia.pl\/index.php?rest_route=\/wp\/v2\/product\/4013","targetHints":{"allow":["GET"]}}],"collection":[{"href":"https:\/\/butikasia.pl\/index.php?rest_route=\/wp\/v2\/product"}],"about":[{"href":"https:\/\/butikasia.pl\/index.php?rest_route=\/wp\/v2\/types\/product"}],"replies":[{"embeddable":true,"href":"https:\/\/butikasia.pl\/index.php?rest_route=%2Fwp%2Fv2%2Fcomments&post=4013"}],"version-history":[{"count":1,"href":"https:\/\/butikasia.pl\/index.php?rest_route=\/wp\/v2\/product\/4013\/revisions"}],"predecessor-version":[{"id":4014,"href":"https:\/\/butikasia.pl\/index.php?rest_route=\/wp\/v2\/product\/4013\/revisions\/4014"}],"wp:featuredmedia":[{"embeddable":true,"href":"https:\/\/butikasia.pl\/index.php?rest_route=\/wp\/v2\/media\/3987"}],"wp:attachment":[{"href":"https:\/\/butikasia.pl\/index.php?rest_route=%2Fwp%2Fv2%2Fmedia&parent=4013"}],"wp:term":[{"taxonomy":"brand","embeddable":true,"href":"https:\/\/butikasia.pl\/index.php?rest_route=%2Fwp%2Fv2%2Fetheme_brands&post=4013"},{"taxonomy":"product_brand","embeddable":true,"href":"https:\/\/butikasia.pl\/index.php?rest_route=%2Fwp%2Fv2%2Fproduct_brand&post=4013"},{"taxonomy":"product_cat","embeddable":true,"href":"https:\/\/butikasia.pl\/index.php?rest_route=%2Fwp%2Fv2%2Fproduct_cat&post=4013"},{"taxonomy":"product_tag","embeddable":true,"href":"https:\/\/butikasia.pl\/index.php?rest_route=%2Fwp%2Fv2%2Fproduct_tag&post=4013"}],"curies":[{"name":"wp","href":"https:\/\/api.w.org\/{rel}","templated":true}]}}